{"id":3157,"date":"2016-04-05T19:59:47","date_gmt":"2016-04-05T18:59:47","guid":{"rendered":"http:\/\/lutineetcie.com\/lutinelefilm\/?page_id=3157"},"modified":"2016-04-05T20:02:05","modified_gmt":"2016-04-05T19:02:05","slug":"extrait-interview","status":"publish","type":"page","link":"http:\/\/lutineetcie.com\/lutinelefilm\/documentaire\/theorie\/auteurs\/extrait-interview\/","title":{"rendered":"Fran\u00e7oise Simp\u00e8re &#8211; extrait interview"},"content":{"rendered":"<p>\u00ab\u00a0Ce qui est difficile, c\u2019est pas d\u2019accepter pour soi des relations \u2013 parce que \u00e7a, tout le monde se dit : \u00ab\u00a0Dans le fond, c\u2019est super si on peut conna\u00eetre plusieurs personnes\u2026\u00bb\u00a0\u2013 c\u2019est effectivement la premi\u00e8re fois qu\u2019on s\u2019aper\u00e7oit que un homme qu\u2019on aime (une femme pour un homme) a des d\u00e9sirs ailleurs, de\u00a0<strong>se remettre en question<\/strong>.<\/p>\n<p>C\u2019est-\u00e0-dire de se dire\u00a0: \u00ab\u00a0Ah bon, mais est-ce que j\u2019existe\u00a0? Et pourquoi il a envie\u00a0?\u00a0\u00bb Et comme on a plein d\u2019id\u00e9es re\u00e7ues\u2026 On vous dit par exemple\u00a0: on peut pas aimer plusieurs personnes.\u00a0Donc on commence \u00e0 se dire\u00a0: \u00ab\u00a0Ben alors, s\u2019il aime cette personne, c\u2019est qu\u2019il ne m\u2019aime plus.\u00a0\u00bb Ce qui est faux\u00a0!<\/p>\n<p>Le lieu commun, c\u2019est\u00a0: \u00ab\u00a0S\u2019il va voir ailleurs, ou si elle va voir ailleurs, c\u2019est que \u00e7a marche pas dans le couple.\u00a0\u00bb\u00a0C\u2019est faux, c\u2019est tout aussi faux ! On va voir ailleurs parce qu\u2019on n\u2019a pas envie d\u2019\u00eatre aveugle. Je pense qu\u2019aimer, c\u2019est aussi\u00a0<strong>garder les yeux ouverts sur le monde<\/strong>. Donc, on ne va voir ailleurs parce que \u00e7a ne va pas, on va voir ailleurs parce qu\u2019il y a autre chose \u00e0 regarder, il y a autre chose \u00e0 d\u00e9couvrir.<\/p>\n<p>C\u2019est un chemin solitaire, sur lequel on doit se dire\u00a0: \u00ab\u00a0Je veux construire ma vie, je veux en \u00eatre \u00e0 la fois le cr\u00e9ateur, le r\u00e9alisateur, trouver mes propres valeurs, conna\u00eetre mes forces, mais conna\u00eetre aussi mes faiblesses.\u00a0\u00bb C\u2019est-\u00e0-dire savoir admettre que parfois, il y a des choses que je ne suis pas capable de vivre, et le plus difficile\u00a0:\u00a0<strong>oser avouer \u00e0 l\u2019autre qu\u2019on a des faiblesses.\u00a0<\/strong>\u00bb<\/p>\n","protected":false},"excerpt":{"rendered":"<p>\u00ab\u00a0Ce qui est difficile, c\u2019est pas d\u2019accepter pour soi des relations \u2013 parce que \u00e7a, tout le monde se dit : \u00ab\u00a0Dans le fond, c\u2019est super si on peut conna\u00eetre plusieurs personnes\u2026\u00bb\u00a0\u2013 c\u2019est effectivement la premi\u00e8re fois qu\u2019on s\u2019aper\u00e7oit que &hellip; <a href=\"http:\/\/lutineetcie.com\/lutinelefilm\/documentaire\/theorie\/auteurs\/extrait-interview\/\">Continuer la lecture <span class=\"meta-nav\">&rarr;<\/span><\/a><\/p>\n","protected":false},"author":1,"featured_media":0,"parent":409,"menu_order":1,"comment_status":"closed","ping_status":"closed","template":"sidebar-page.php","meta":[],"_links":{"self":[{"href":"http:\/\/lutineetcie.com\/lutinelefilm\/wp-json\/wp\/v2\/pages\/3157"}],"collection":[{"href":"http:\/\/lutineetcie.com\/lutinelefilm\/wp-json\/wp\/v2\/pages"}],"about":[{"href":"http:\/\/lutineetcie.com\/lutinelefilm\/wp-json\/wp\/v2\/types\/page"}],"author":[{"embeddable":true,"href":"http:\/\/lutineetcie.com\/lutinelefilm\/wp-json\/wp\/v2\/users\/1"}],"replies":[{"embeddable":true,"href":"http:\/\/lutineetcie.com\/lutinelefilm\/wp-json\/wp\/v2\/comments?post=3157"}],"version-history":[{"count":3,"href":"http:\/\/lutineetcie.com\/lutinelefilm\/wp-json\/wp\/v2\/pages\/3157\/revisions"}],"predecessor-version":[{"id":3161,"href":"http:\/\/lutineetcie.com\/lutinelefilm\/wp-json\/wp\/v2\/pages\/3157\/revisions\/3161"}],"up":[{"embeddable":true,"href":"http:\/\/lutineetcie.com\/lutinelefilm\/wp-json\/wp\/v2\/pages\/409"}],"wp:attachment":[{"href":"http:\/\/lutineetcie.com\/lutinelefilm\/wp-json\/wp\/v2\/media?parent=3157"}],"curies":[{"name":"wp","href":"https:\/\/api.w.org\/{rel}","templated":true}]}}