{"id":3428,"date":"2016-07-08T11:53:33","date_gmt":"2016-07-08T10:53:33","guid":{"rendered":"http:\/\/lutineetcie.com\/lutinelefilm\/?page_id=3428"},"modified":"2018-02-15T11:32:42","modified_gmt":"2018-02-15T10:32:42","slug":"lutine-par-eve-de-candaulie","status":"publish","type":"page","link":"http:\/\/lutineetcie.com\/lutinelefilm\/presse\/blogs\/lutine-par-eve-de-candaulie\/","title":{"rendered":"Article d&rsquo;\u00c8ve de Candaulie"},"content":{"rendered":"<blockquote data-secret=\"IO38PtPMLi\" class=\"wp-embedded-content\"><p><a href=\"http:\/\/evedecandaulie.fr\/lutine-polyamour\/\">Lutine, un tr\u00e8s beau film pour tomber en polyamour<\/a><\/p><\/blockquote>\n<p><iframe class=\"wp-embedded-content\" sandbox=\"allow-scripts\" security=\"restricted\" style=\"position: absolute; clip: rect(1px, 1px, 1px, 1px);\" src=\"http:\/\/evedecandaulie.fr\/lutine-polyamour\/embed\/#?secret=IO38PtPMLi\" data-secret=\"IO38PtPMLi\" width=\"584\" height=\"329\" title=\"&laquo;&nbsp;Lutine, un tr\u00e8s beau film pour tomber en polyamour&nbsp;&raquo; &#8212; Eve de Candaulie\" frameborder=\"0\" marginwidth=\"0\" marginheight=\"0\" scrolling=\"no\"><\/iframe><\/p>\n<p>LUTINE\u00a0est une com\u00e9die, docu-fiction, sur le polyamour\u2026 et bien plus encore!<\/p>\n<p>Parce qu\u2019en fait LUTINE, c\u2019est \u00ab\u00a0le\u00a0\u00bb film dans le film qui se regarde sans fin. Tout n\u2019est que mise en ab\u00eeme et de r\u00e9alit\u00e9 en r\u00e9alit\u00e9, on croit comprendre, on comprend que l\u2019on ne comprend pas et au final\u00a0on s\u2019y retrouve tr\u00e8s bien. On vit avec la r\u00e9alisatrice et actrice principale,\u00a0<a href=\"https:\/\/fr.wikipedia.org\/wiki\/Isabelle_Brou%C3%A9\" target=\"_blank\">Isabelle Brou\u00e9<\/a>, une fantastique histoire o\u00f9 l\u2019on aime \u00e0 plusieurs et o\u00f9 l\u2019on est t\u00e9moin des amours d\u2019une\u00a0personne ch\u00e8re.\u00a0Et la cerise sur le g\u00e2teau, c\u2019est de voir\u00a0<a href=\"https:\/\/fr.wikipedia.org\/wiki\/Fran%C3%A7oise_Simp%C3%A8re\" target=\"_blank\">Fran\u00e7oise Simp\u00e8re\u00a0<\/a>en guest star, qui nous parle de sa vision du polyamour.\u00a0Dans ce film, j\u2019ai vu plein de t\u00eates connues, que j\u2019ai crois\u00e9es de ci, de l\u00e0 \u00e0 Paris, et notamment aux\u00a0<a href=\"http:\/\/polyamour.info\/\" target=\"_blank\">caf\u00e9s poly<\/a>, dont je vous ai parl\u00e9 dans mes\u00a0<a href=\"http:\/\/evedecandaulie.fr\/adresses-parisiennes\/\" target=\"_blank\">bonnes adresses de 2016<\/a>.<br \/>\n<a href=\"http:\/\/evedecandaulie.fr\/wp-content\/uploads\/2016\/07\/Lutine_IsabelleBroue.jpg\"><img decoding=\"async\" loading=\"lazy\" class=\"size-full wp-image-7357 aligncenter\" src=\"http:\/\/evedecandaulie.fr\/wp-content\/uploads\/2016\/07\/Lutine_IsabelleBroue.jpg\" sizes=\"(max-width: 584px) 100vw, 584px\" srcset=\"http:\/\/evedecandaulie.fr\/wp-content\/uploads\/2016\/07\/Lutine_IsabelleBroue.jpg 584x, http:\/\/evedecandaulie.fr\/wp-content\/uploads\/2016\/07\/Lutine_IsabelleBroue-300x200.jpg 300x\" alt=\"Lutine_IsabelleBroue\" width=\"584\" height=\"390\" \/><\/a><\/p>\n<p>On suit \u00ab\u00a0Isa\u00a0\u00bb dans ses p\u00e9r\u00e9grinations : on cherche \u00e0 comprendre, on est touch\u00e9, on se questionne.\u00a0C\u2019est un grand parcours de d\u00e9couverte de l\u2019univers de cette \u00ab\u00a0lutine\u00a0\u00bb\u00a0qui\u00a0<a href=\"http:\/\/www.lutinelefilm.com\/\" target=\"_blank\">sur\u00a0son site<\/a>\u00a0nous donne des pistes :<\/p>\n<blockquote><p>Le lutinage (*) \u2013 ou polyamorie, polyamour ou encore amours plurielles \u2013 c\u2019est la libert\u00e9 de pouvoir vivre\u00a0<strong>plusieurs relations intimes\u00a0<\/strong>(amoureuses ou pas)<\/p>\n<ul>\n<li><strong>en parall\u00e8le<\/strong><\/li>\n<li>avec le\u00a0<strong>consentement<\/strong>\u00a0de chacun(e) des personnes concern\u00e9es<\/li>\n<li>de fa\u00e7on\u00a0<strong>\u00e9thique<\/strong>, dans le respect et la confiance de toutes et tous.<\/li>\n<\/ul>\n<p>Cheminer vers cette libert\u00e9 am\u00e8ne de nombreuses discussions.\u00a0<strong>Il n\u2019y a pas un mod\u00e8le \u00e0 suivre<\/strong>, mais des situations \u00e0 r\u00e9inventer en permanence en fonction des attentes, des envies, des besoins, et des limites de chacun.<\/p>\n<p>(*) \u00ab\u00a0<strong>Lutinage<\/strong>\u00a0\u00bb est un mot cr\u00e9\u00e9 par\u00a0<a href=\"http:\/\/lutineetcie.com\/lutinelefilm\/lutinage\/documentaire\/les-auteurs\/\">Fran\u00e7oise Simp\u00e8re<\/a>, l\u2019auteur de\u00a0<em>Aimer plusieurs hommes<\/em>\u00a0et\u00a0du<em>\u00a0Guide des Amours plurielles.<br \/>\n<\/em>\u00c0\u00a0la question : \u00ab\u00a0<strong>D\u2019o\u00f9 vous est venu ce mot\u00a0\u00ab\u00a0lutinage\u00a0\u00bb ?<\/strong>\u00ab\u00a0, elle a r\u00e9pondu :<\/p>\n<p>\u00ab\u00a0J\u2019ai choisi les mots \u00ab\u00a0lutin\u00a0\u00bb et \u00ab\u00a0lutine\u00a0\u00bb pour d\u00e9signer les polyamoureux\/ses en r\u00e9f\u00e9rence au mot \u00ab\u00a0<strong>lutiner<\/strong>\u00a0\u00bb qui en vieux fran\u00e7ais\u00a0signifie \u00ab\u00a0<strong>charmer, faire la cour\u00a0\u00bb<\/strong>\u00a0, donc en r\u00e9f\u00e9rence \u00e0 la s\u00e9duction qui intervient forc\u00e9ment dans une relation amoureuse.<\/p><\/blockquote>\n<p><a href=\"http:\/\/evedecandaulie.fr\/wp-content\/uploads\/2016\/07\/Lutine.jpg\"><img decoding=\"async\" loading=\"lazy\" class=\"wp-image-7356 aligncenter\" src=\"http:\/\/evedecandaulie.fr\/wp-content\/uploads\/2016\/07\/Lutine.jpg\" sizes=\"(max-width: 601px) 100vw, 601px\" srcset=\"http:\/\/evedecandaulie.fr\/wp-content\/uploads\/2016\/07\/Lutine.jpg 1000x, http:\/\/evedecandaulie.fr\/wp-content\/uploads\/2016\/07\/Lutine-300x104.jpg 300x, http:\/\/evedecandaulie.fr\/wp-content\/uploads\/2016\/07\/Lutine-768x266.jpg 768x, http:\/\/evedecandaulie.fr\/wp-content\/uploads\/2016\/07\/Lutine-600x208.jpg 600x\" alt=\"Lutine\" width=\"601\" height=\"208\" \/><\/a><\/p>\n<hr \/>\n<p>Je vous laisse visionner la bande-annonce :<br \/>\n<iframe loading=\"lazy\" src=\"https:\/\/player.vimeo.com\/video\/138412933\" width=\"640\" height=\"360\" frameborder=\"0\" allowfullscreen=\"allowfullscreen\"><\/iframe><\/p>\n<p>J\u2019ai vu LUTINE\u00a0gr\u00e2ce \u00e0\u00a0<a href=\"https:\/\/www.pimentrose.biz\/soiree-piment-rose\" target=\"_blank\">Nathalie Giraud<\/a>, qui r\u00e9pond toujours pr\u00e9sente pour d\u00e9fendre la #CULture sous toutes ses formes (merci Nathalie). Et la projection a \u00e9t\u00e9 suivie d\u2019un d\u00e9bat vraiment tr\u00e8s int\u00e9ressant et \u00e9clairant \u00e0 la fois sur la construction du film et sur le fond.<\/p>\n<p>Si vous aussi, vous connaissez une salle o\u00f9 projeter le film, vous pouvez directement contacter Isa, elle est tr\u00e8s ouverte pour pr\u00e9senter son film. Je vous le recommande bien chaudement !<\/p>\n<hr \/>\n<p><strong>INFORMATIONS PRATIQUES :<\/strong><\/p>\n<p>Le site du film :\u00a0<a href=\"http:\/\/www.lutinelefilm.com\/\" target=\"_blank\" data-saferedirecturl=\"https:\/\/www.google.com\/url?hl=fr&amp;q=http:\/\/www.lutinelefilm.com&amp;source=gmail&amp;ust=1463665834765000&amp;usg=AFQjCNFaMPKs7DClRjJl6gH1Tshy-EzZYw\">www.lutinelefilm.com<\/a><\/p>\n<p>Le facebook\u00a0Isa Lutine :\u00a0<a href=\"https:\/\/www.facebook.com\/isa.lutine\" target=\"_blank\">https:\/\/www.facebook.com\/isa.lutine<\/a><\/p>\n<div id=\"igit_rpwt_css\"><\/div>\n","protected":false},"excerpt":{"rendered":"<p>Lutine, un tr\u00e8s beau film pour tomber en polyamour LUTINE\u00a0est une com\u00e9die, docu-fiction, sur le polyamour\u2026 et bien plus encore! Parce qu\u2019en fait LUTINE, c\u2019est \u00ab\u00a0le\u00a0\u00bb film dans le film qui se regarde sans fin. Tout n\u2019est que mise en &hellip; <a href=\"http:\/\/lutineetcie.com\/lutinelefilm\/presse\/blogs\/lutine-par-eve-de-candaulie\/\">Continuer la lecture <span class=\"meta-nav\">&rarr;<\/span><\/a><\/p>\n","protected":false},"author":1,"featured_media":0,"parent":4641,"menu_order":2,"comment_status":"closed","ping_status":"closed","template":"sidebar-page.php","meta":[],"_links":{"self":[{"href":"http:\/\/lutineetcie.com\/lutinelefilm\/wp-json\/wp\/v2\/pages\/3428"}],"collection":[{"href":"http:\/\/lutineetcie.com\/lutinelefilm\/wp-json\/wp\/v2\/pages"}],"about":[{"href":"http:\/\/lutineetcie.com\/lutinelefilm\/wp-json\/wp\/v2\/types\/page"}],"author":[{"embeddable":true,"href":"http:\/\/lutineetcie.com\/lutinelefilm\/wp-json\/wp\/v2\/users\/1"}],"replies":[{"embeddable":true,"href":"http:\/\/lutineetcie.com\/lutinelefilm\/wp-json\/wp\/v2\/comments?post=3428"}],"version-history":[{"count":6,"href":"http:\/\/lutineetcie.com\/lutinelefilm\/wp-json\/wp\/v2\/pages\/3428\/revisions"}],"predecessor-version":[{"id":3438,"href":"http:\/\/lutineetcie.com\/lutinelefilm\/wp-json\/wp\/v2\/pages\/3428\/revisions\/3438"}],"up":[{"embeddable":true,"href":"http:\/\/lutineetcie.com\/lutinelefilm\/wp-json\/wp\/v2\/pages\/4641"}],"wp:attachment":[{"href":"http:\/\/lutineetcie.com\/lutinelefilm\/wp-json\/wp\/v2\/media?parent=3428"}],"curies":[{"name":"wp","href":"https:\/\/api.w.org\/{rel}","templated":true}]}}