{"id":3874,"date":"2016-12-28T16:06:01","date_gmt":"2016-12-28T15:06:01","guid":{"rendered":"http:\/\/lutineetcie.com\/lutinelefilm\/?page_id=3874"},"modified":"2016-12-28T16:06:15","modified_gmt":"2016-12-28T15:06:15","slug":"le-salon-de-the","status":"publish","type":"page","link":"http:\/\/lutineetcie.com\/lutinelefilm\/comedie\/realisatrice\/tout-le-plaisir-est-pour-moi\/extraits\/le-salon-de-the\/","title":{"rendered":"Le Salon de th\u00e9"},"content":{"rendered":"<p>Avec Marie Gillain, Tsilla Chelton, Marie Mergey, Andr\u00e9e Damant, Fran\u00e7oise Bertin et&#8230; Laurent Lederer en guest-star.<\/p>\n<p><iframe loading=\"lazy\" src=\"https:\/\/player.vimeo.com\/video\/172430829\" width=\"584\" height=\"438\" frameborder=\"0\" title=\"TOUT LE PLAISIR..._Extrait_&rdquo;Salon de th&eacute;&rdquo;\" webkitallowfullscreen mozallowfullscreen allowfullscreen><\/iframe><\/p>\n<p>&nbsp;<\/p>\n<p><a href=\"http:\/\/lutineetcie.com\/lutinelefilm\/wp-content\/uploads\/2013\/06\/01.jpg\"><img decoding=\"async\" loading=\"lazy\" class=\"alignnone wp-image-1894 size-full\" src=\"http:\/\/lutineetcie.com\/lutinelefilm\/wp-content\/uploads\/2013\/06\/01.jpg\" alt=\"01\" width=\"584\" height=\"383\" srcset=\"http:\/\/lutineetcie.com\/lutinelefilm\/wp-content\/uploads\/2013\/06\/01.jpg 584w, http:\/\/lutineetcie.com\/lutinelefilm\/wp-content\/uploads\/2013\/06\/01-300x196.jpg 300w, http:\/\/lutineetcie.com\/lutinelefilm\/wp-content\/uploads\/2013\/06\/01-457x300.jpg 457w\" sizes=\"(max-width: 584px) 100vw, 584px\" \/><\/a><\/p>\n","protected":false},"excerpt":{"rendered":"<p>Avec Marie Gillain, Tsilla Chelton, Marie Mergey, Andr\u00e9e Damant, Fran\u00e7oise Bertin et&#8230; Laurent Lederer en guest-star. &nbsp;<\/p>\n","protected":false},"author":1,"featured_media":0,"parent":3796,"menu_order":3,"comment_status":"closed","ping_status":"closed","template":"sidebar-page.php","meta":[],"_links":{"self":[{"href":"http:\/\/lutineetcie.com\/lutinelefilm\/wp-json\/wp\/v2\/pages\/3874"}],"collection":[{"href":"http:\/\/lutineetcie.com\/lutinelefilm\/wp-json\/wp\/v2\/pages"}],"about":[{"href":"http:\/\/lutineetcie.com\/lutinelefilm\/wp-json\/wp\/v2\/types\/page"}],"author":[{"embeddable":true,"href":"http:\/\/lutineetcie.com\/lutinelefilm\/wp-json\/wp\/v2\/users\/1"}],"replies":[{"embeddable":true,"href":"http:\/\/lutineetcie.com\/lutinelefilm\/wp-json\/wp\/v2\/comments?post=3874"}],"version-history":[{"count":1,"href":"http:\/\/lutineetcie.com\/lutinelefilm\/wp-json\/wp\/v2\/pages\/3874\/revisions"}],"predecessor-version":[{"id":3876,"href":"http:\/\/lutineetcie.com\/lutinelefilm\/wp-json\/wp\/v2\/pages\/3874\/revisions\/3876"}],"up":[{"embeddable":true,"href":"http:\/\/lutineetcie.com\/lutinelefilm\/wp-json\/wp\/v2\/pages\/3796"}],"wp:attachment":[{"href":"http:\/\/lutineetcie.com\/lutinelefilm\/wp-json\/wp\/v2\/media?parent=3874"}],"curies":[{"name":"wp","href":"https:\/\/api.w.org\/{rel}","templated":true}]}}