{"id":3904,"date":"2017-01-06T23:06:08","date_gmt":"2017-01-06T22:06:08","guid":{"rendered":"http:\/\/lutineetcie.com\/lutinelefilm\/?page_id=3904"},"modified":"2018-01-17T19:07:00","modified_gmt":"2018-01-17T18:07:00","slug":"remue-la-confiture","status":"publish","type":"page","link":"http:\/\/lutineetcie.com\/lutinelefilm\/presse\/podcasts\/remue-la-confiture\/","title":{"rendered":"Remue la confiture"},"content":{"rendered":"<p>\u00c9mission de radio anim\u00e9e par Darling et enregistr\u00e9e le 6 octobre 2016 \u00e0 \u00e9couter en podcast ici :<br \/>\n<a href=\"https:\/\/soundcloud.com\/remuelaconfiture\/remue-la-confiture-emission-2-le-polyamour-061016\">Soundcloud Podcast Remue la confiture<\/a><\/p>\n<p><iframe loading=\"lazy\" src=\"https:\/\/w.soundcloud.com\/player\/?url=https%3A\/\/api.soundcloud.com\/tracks\/288818755&amp;color=%23ff5500&amp;auto_play=false&amp;hide_related=false&amp;show_comments=true&amp;show_user=true&amp;show_reposts=false&amp;show_teaser=true\" width=\"100%\" height=\"166\" frameborder=\"no\" scrolling=\"no\"><\/iframe><\/p>\n<p>Suivez le lien pour voir <a href=\"https:\/\/www.facebook.com\/1685364095118579\/photos\/?tab=album&amp;album_id=1726427977678857\">toutes les photos<\/a> de l&rsquo;\u00e9mission.<br \/>\nPlus d&rsquo;infos sur la <a href=\"https:\/\/www.facebook.com\/remuelaconfiture\/\">page Facebook<\/a> de Remue la confiture.<br \/>\n<img decoding=\"async\" loading=\"lazy\" class=\"alignnone wp-image-3912 size-large\" src=\"http:\/\/lutineetcie.com\/lutinelefilm\/wp-content\/uploads\/2017\/01\/14883590_1726432184345103_6128591902945246222_o-1024x683.jpg\" alt=\"14883590_1726432184345103_6128591902945246222_o\" width=\"584\" height=\"390\" srcset=\"http:\/\/lutineetcie.com\/lutinelefilm\/wp-content\/uploads\/2017\/01\/14883590_1726432184345103_6128591902945246222_o-1024x683.jpg 1024w, http:\/\/lutineetcie.com\/lutinelefilm\/wp-content\/uploads\/2017\/01\/14883590_1726432184345103_6128591902945246222_o-300x200.jpg 300w, http:\/\/lutineetcie.com\/lutinelefilm\/wp-content\/uploads\/2017\/01\/14883590_1726432184345103_6128591902945246222_o-768x512.jpg 768w, http:\/\/lutineetcie.com\/lutinelefilm\/wp-content\/uploads\/2017\/01\/14883590_1726432184345103_6128591902945246222_o-450x300.jpg 450w, http:\/\/lutineetcie.com\/lutinelefilm\/wp-content\/uploads\/2017\/01\/14883590_1726432184345103_6128591902945246222_o.jpg 1108w\" sizes=\"(max-width: 584px) 100vw, 584px\" \/><img decoding=\"async\" loading=\"lazy\" class=\"aligncenter wp-image-3910 size-large\" src=\"http:\/\/lutineetcie.com\/lutinelefilm\/wp-content\/uploads\/2017\/01\/14876501_1726433484344973_8236823230934581634_o-1024x683.jpg\" alt=\"14876501_1726433484344973_8236823230934581634_o\" width=\"584\" height=\"390\" srcset=\"http:\/\/lutineetcie.com\/lutinelefilm\/wp-content\/uploads\/2017\/01\/14876501_1726433484344973_8236823230934581634_o-1024x683.jpg 1024w, http:\/\/lutineetcie.com\/lutinelefilm\/wp-content\/uploads\/2017\/01\/14876501_1726433484344973_8236823230934581634_o-300x200.jpg 300w, http:\/\/lutineetcie.com\/lutinelefilm\/wp-content\/uploads\/2017\/01\/14876501_1726433484344973_8236823230934581634_o-768x512.jpg 768w, http:\/\/lutineetcie.com\/lutinelefilm\/wp-content\/uploads\/2017\/01\/14876501_1726433484344973_8236823230934581634_o-450x300.jpg 450w, http:\/\/lutineetcie.com\/lutinelefilm\/wp-content\/uploads\/2017\/01\/14876501_1726433484344973_8236823230934581634_o.jpg 1108w\" sizes=\"(max-width: 584px) 100vw, 584px\" \/><a href=\"http:\/\/lutineetcie.com\/lutinelefilm\/wp-content\/uploads\/2017\/01\/14918790_1726433387678316_7866935671587192736_o.jpg\"><img decoding=\"async\" loading=\"lazy\" class=\"alignnone wp-image-3915 size-large\" src=\"http:\/\/lutineetcie.com\/lutinelefilm\/wp-content\/uploads\/2017\/01\/14918790_1726433387678316_7866935671587192736_o-1024x683.jpg\" alt=\"14918790_1726433387678316_7866935671587192736_o\" width=\"584\" height=\"390\" srcset=\"http:\/\/lutineetcie.com\/lutinelefilm\/wp-content\/uploads\/2017\/01\/14918790_1726433387678316_7866935671587192736_o-1024x683.jpg 1024w, http:\/\/lutineetcie.com\/lutinelefilm\/wp-content\/uploads\/2017\/01\/14918790_1726433387678316_7866935671587192736_o-300x200.jpg 300w, http:\/\/lutineetcie.com\/lutinelefilm\/wp-content\/uploads\/2017\/01\/14918790_1726433387678316_7866935671587192736_o-768x512.jpg 768w, http:\/\/lutineetcie.com\/lutinelefilm\/wp-content\/uploads\/2017\/01\/14918790_1726433387678316_7866935671587192736_o-450x300.jpg 450w, http:\/\/lutineetcie.com\/lutinelefilm\/wp-content\/uploads\/2017\/01\/14918790_1726433387678316_7866935671587192736_o.jpg 1108w\" sizes=\"(max-width: 584px) 100vw, 584px\" \/><\/a><\/p>\n<p><a href=\"http:\/\/lutineetcie.com\/lutinelefilm\/wp-content\/uploads\/2017\/01\/14876421_1726433267678328_8405434359126761434_o.jpg\"><img decoding=\"async\" loading=\"lazy\" class=\"alignright wp-image-3908 size-large\" src=\"http:\/\/lutineetcie.com\/lutinelefilm\/wp-content\/uploads\/2017\/01\/14876421_1726433267678328_8405434359126761434_o-1024x683.jpg\" alt=\"14876421_1726433267678328_8405434359126761434_o\" width=\"584\" height=\"390\" srcset=\"http:\/\/lutineetcie.com\/lutinelefilm\/wp-content\/uploads\/2017\/01\/14876421_1726433267678328_8405434359126761434_o-1024x683.jpg 1024w, http:\/\/lutineetcie.com\/lutinelefilm\/wp-content\/uploads\/2017\/01\/14876421_1726433267678328_8405434359126761434_o-300x200.jpg 300w, http:\/\/lutineetcie.com\/lutinelefilm\/wp-content\/uploads\/2017\/01\/14876421_1726433267678328_8405434359126761434_o-768x512.jpg 768w, http:\/\/lutineetcie.com\/lutinelefilm\/wp-content\/uploads\/2017\/01\/14876421_1726433267678328_8405434359126761434_o-450x300.jpg 450w, http:\/\/lutineetcie.com\/lutinelefilm\/wp-content\/uploads\/2017\/01\/14876421_1726433267678328_8405434359126761434_o.jpg 1108w\" sizes=\"(max-width: 584px) 100vw, 584px\" \/><\/a><\/p>\n<p><a href=\"http:\/\/lutineetcie.com\/lutinelefilm\/wp-content\/uploads\/2017\/01\/14859858_1726433524344969_8357738072226268833_o.jpg\"><img decoding=\"async\" loading=\"lazy\" class=\"aligncenter wp-image-3906 size-large\" src=\"http:\/\/lutineetcie.com\/lutinelefilm\/wp-content\/uploads\/2017\/01\/14859858_1726433524344969_8357738072226268833_o-1024x683.jpg\" alt=\"14859858_1726433524344969_8357738072226268833_o\" width=\"584\" height=\"390\" srcset=\"http:\/\/lutineetcie.com\/lutinelefilm\/wp-content\/uploads\/2017\/01\/14859858_1726433524344969_8357738072226268833_o-1024x683.jpg 1024w, http:\/\/lutineetcie.com\/lutinelefilm\/wp-content\/uploads\/2017\/01\/14859858_1726433524344969_8357738072226268833_o-300x200.jpg 300w, http:\/\/lutineetcie.com\/lutinelefilm\/wp-content\/uploads\/2017\/01\/14859858_1726433524344969_8357738072226268833_o-768x512.jpg 768w, http:\/\/lutineetcie.com\/lutinelefilm\/wp-content\/uploads\/2017\/01\/14859858_1726433524344969_8357738072226268833_o-450x300.jpg 450w, http:\/\/lutineetcie.com\/lutinelefilm\/wp-content\/uploads\/2017\/01\/14859858_1726433524344969_8357738072226268833_o.jpg 1108w\" sizes=\"(max-width: 584px) 100vw, 584px\" \/><\/a><\/p>\n<p>&nbsp;<\/p>\n<p>&nbsp;<\/p>\n","protected":false},"excerpt":{"rendered":"<p>\u00c9mission de radio anim\u00e9e par Darling et enregistr\u00e9e le 6 octobre 2016 \u00e0 \u00e9couter en podcast ici : Soundcloud Podcast Remue la confiture Suivez le lien pour voir toutes les photos de l&rsquo;\u00e9mission. Plus d&rsquo;infos sur la page Facebook de &hellip; <a href=\"http:\/\/lutineetcie.com\/lutinelefilm\/presse\/podcasts\/remue-la-confiture\/\">Continuer la lecture <span class=\"meta-nav\">&rarr;<\/span><\/a><\/p>\n","protected":false},"author":1,"featured_media":0,"parent":4682,"menu_order":1,"comment_status":"closed","ping_status":"closed","template":"sidebar-page.php","meta":[],"_links":{"self":[{"href":"http:\/\/lutineetcie.com\/lutinelefilm\/wp-json\/wp\/v2\/pages\/3904"}],"collection":[{"href":"http:\/\/lutineetcie.com\/lutinelefilm\/wp-json\/wp\/v2\/pages"}],"about":[{"href":"http:\/\/lutineetcie.com\/lutinelefilm\/wp-json\/wp\/v2\/types\/page"}],"author":[{"embeddable":true,"href":"http:\/\/lutineetcie.com\/lutinelefilm\/wp-json\/wp\/v2\/users\/1"}],"replies":[{"embeddable":true,"href":"http:\/\/lutineetcie.com\/lutinelefilm\/wp-json\/wp\/v2\/comments?post=3904"}],"version-history":[{"count":15,"href":"http:\/\/lutineetcie.com\/lutinelefilm\/wp-json\/wp\/v2\/pages\/3904\/revisions"}],"predecessor-version":[{"id":4685,"href":"http:\/\/lutineetcie.com\/lutinelefilm\/wp-json\/wp\/v2\/pages\/3904\/revisions\/4685"}],"up":[{"embeddable":true,"href":"http:\/\/lutineetcie.com\/lutinelefilm\/wp-json\/wp\/v2\/pages\/4682"}],"wp:attachment":[{"href":"http:\/\/lutineetcie.com\/lutinelefilm\/wp-json\/wp\/v2\/media?parent=3904"}],"curies":[{"name":"wp","href":"https:\/\/api.w.org\/{rel}","templated":true}]}}