{"id":393,"date":"2013-06-04T23:41:15","date_gmt":"2013-06-04T22:41:15","guid":{"rendered":"http:\/\/lutinelefilm.wordpress.com\/?page_id=393"},"modified":"2017-05-22T17:21:23","modified_gmt":"2017-05-22T16:21:23","slug":"tele","status":"publish","type":"page","link":"http:\/\/lutineetcie.com\/lutinelefilm\/documentaire\/tele\/","title":{"rendered":"Des docu et reportages TV"},"content":{"rendered":"<p><em>Amours plurielles : le nouvel art d&rsquo;aimer ?<\/em>, documentaire de Jessica Decap (2010)<\/p>\n<p><iframe loading=\"lazy\" width=\"584\" height=\"329\" src=\"https:\/\/www.youtube.com\/embed\/PrG4kqVPtoY?feature=oembed\" frameborder=\"0\" allowfullscreen><\/iframe><\/p>\n<p><a href=\"http:\/\/amours.pl\/medias-liste\/?media_id=11\"><br \/>\n<\/a><em>La Grande Amoureuse<\/em>, documentaire de Martine Asselin sur Fran\u00e7oise Simp\u00e8re (2007)<\/p>\n<p><iframe loading=\"lazy\" width=\"584\" height=\"438\" src=\"https:\/\/www.youtube.com\/embed\/-juIpISPMLc?feature=oembed\" frameborder=\"0\" allowfullscreen><\/iframe><\/p>\n<p><a href=\"http:\/\/amours.pl\/medias-liste\/?media_id=11\"><br \/>\nGrand format<\/a> sur France 2 : JT du 6 nov. 2011, avec Fran\u00e7oise Simp\u00e8re, Guilain Omont, Meta, Thomas et Aur\u00e9lien.<br \/>\n<iframe loading=\"lazy\" width=\"584\" height=\"329\" src=\"https:\/\/www.youtube.com\/embed\/jnwTdpvQwc0?feature=oembed\" frameborder=\"0\" allowfullscreen><\/iframe><\/p>\n<p><em>Plus de vid\u00e9os\u00a0sur\u00a0<a href=\"http:\/\/amours.pl\/medias-liste\/\">amours.pl<\/a><\/em><\/p>\n","protected":false},"excerpt":{"rendered":"<p>Amours plurielles : le nouvel art d&rsquo;aimer ?, documentaire de Jessica Decap (2010) La Grande Amoureuse, documentaire de Martine Asselin sur Fran\u00e7oise Simp\u00e8re (2007) Grand format sur France 2 : JT du 6 nov. 2011, avec Fran\u00e7oise Simp\u00e8re, Guilain Omont, &hellip; <a href=\"http:\/\/lutineetcie.com\/lutinelefilm\/documentaire\/tele\/\">Continuer la lecture <span class=\"meta-nav\">&rarr;<\/span><\/a><\/p>\n","protected":false},"author":1,"featured_media":0,"parent":26,"menu_order":5,"comment_status":"closed","ping_status":"closed","template":"sidebar-page.php","meta":[],"_links":{"self":[{"href":"http:\/\/lutineetcie.com\/lutinelefilm\/wp-json\/wp\/v2\/pages\/393"}],"collection":[{"href":"http:\/\/lutineetcie.com\/lutinelefilm\/wp-json\/wp\/v2\/pages"}],"about":[{"href":"http:\/\/lutineetcie.com\/lutinelefilm\/wp-json\/wp\/v2\/types\/page"}],"author":[{"embeddable":true,"href":"http:\/\/lutineetcie.com\/lutinelefilm\/wp-json\/wp\/v2\/users\/1"}],"replies":[{"embeddable":true,"href":"http:\/\/lutineetcie.com\/lutinelefilm\/wp-json\/wp\/v2\/comments?post=393"}],"version-history":[{"count":20,"href":"http:\/\/lutineetcie.com\/lutinelefilm\/wp-json\/wp\/v2\/pages\/393\/revisions"}],"predecessor-version":[{"id":3091,"href":"http:\/\/lutineetcie.com\/lutinelefilm\/wp-json\/wp\/v2\/pages\/393\/revisions\/3091"}],"up":[{"embeddable":true,"href":"http:\/\/lutineetcie.com\/lutinelefilm\/wp-json\/wp\/v2\/pages\/26"}],"wp:attachment":[{"href":"http:\/\/lutineetcie.com\/lutinelefilm\/wp-json\/wp\/v2\/media?parent=393"}],"curies":[{"name":"wp","href":"https:\/\/api.w.org\/{rel}","templated":true}]}}