{"id":4046,"date":"2017-05-22T17:20:18","date_gmt":"2017-05-22T16:20:18","guid":{"rendered":"http:\/\/lutineetcie.com\/lutinelefilm\/?page_id=4046"},"modified":"2020-02-26T14:18:38","modified_gmt":"2020-02-26T13:18:38","slug":"articles","status":"publish","type":"page","link":"http:\/\/lutineetcie.com\/lutinelefilm\/documentaire\/articles\/","title":{"rendered":"Des articles \/ Press Articles"},"content":{"rendered":"<h1 class=\"heading-grotesk-bold heading-grotesk-bold--large\"><\/h1>\n<p>&nbsp;<\/p>\n<p><a href=\"https:\/\/www.allodocteurs.fr\/blogs\/100-psycho-sexo\/la-polyamorie-les-amours-multiples-du-polyamour_1362.html\">La polyamorie des amours multiples<\/a>, par Charlotte Tourmente, <em>Allodocteurs,\u00a0<\/em>24\/02\/2020,<br \/>\navec une interview<\/p>\n<p><a href=\"https:\/\/www.thelocal.fr\/20200203\/paris-polyamory-caf-to-launch-english-language-group-to-help-foreign-residents-embrace-the-joys-of-multiple-love\">&lsquo;I realized how prudish America was when I came to France&rsquo; &#8211; Parisians tell their stories of multiple loves<\/a>, by Ingrid Bergo,\u00a0<em>The Local,\u00a0<\/em>03\/\/02\/2020<br \/>\navec une interview<\/p>\n<p><a href=\"https:\/\/www.glamourparis.com\/amour-et-sexe\/news\/articles\/-polyamoureux-et-aromantiques-qui-se-cachent-derriere-les-denominations\/72692?fbclid=IwAR27GwzpsNdT5uZnm2dIvMOXjRIltxh3F0qY7rqpgJZoJzuXytYlb3FtQL8\">\u00ab\u00a0Polyamoureux\u00a0\u00bb, la nouvelle \u00e9tiquette pour faire n&rsquo;importe quoi en amour ?<\/a> par Antoine Ferreira Mendez,\u00a0<em>Glamour<\/em>, 01\/03\/2019<br \/>\nje suis cit\u00e9e comme \u00ab\u00a0Twitta F\u00a0\u00bb.<\/p>\n<p><a href=\"http:\/\/sexologie.blog.lemonde.fr\/2018\/12\/13\/polyamorie\/\">Polyamorie<\/a>, par Philippe Brenot, blog sur\u00a0<em>Le Monde, <\/em>13\/12\/2018<br \/>\no\u00f9 il est question de LUTINE et de Lutine &amp; Cie<\/p>\n<p><a href=\"http:\/\/www.doctissimo.fr\/psychologie\/infidelite\/polyamour?\">Polyamour ou \u00ab\u00a0amours plurielles\u00a0\u00bb, qu&rsquo;est-ce que c&rsquo;est ?<\/a> par Adeline Gadenne, <em>Doctissimo<\/em>, 24\/10\/2018<\/p>\n<p><a href=\"https:\/\/www.francetvinfo.fr\/societe\/debats\/je-suis-fidele-et-non-exclusive-des-personnes-polyamoureuses-racontent-comment-elles-vivent-leurs-relations-plurielles_2935541.html\">Je suis fid\u00e8le et non exclusive<\/a>, par Louis Boy, <em>FranceTV Info<\/em>, 16\/09\/2018<br \/>\navec une interview<\/p>\n<p><a href=\"https:\/\/www.causette.fr\/le-mag\/lire-article\/article-2151\/trop-poly-pour-a-tre-deux.html\">Trop poly pour \u00eatre deux<\/a>,\u00a0par Anna Cuxac, <em>Causette<\/em>, 24\/07\/2018<br \/>\navec une interview<\/p>\n<p><a href=\"https:\/\/www.serndip.fr\/news\/polyamour\/\">C&rsquo;est quoi, le polyamour ?<\/a> <em>Serndip<\/em>, 12\/07\/2018<br \/>\navec une interview<\/p>\n<p><a href=\"https:\/\/www.parisderriere.fr\/2018\/05\/polyamour-pourquoi-plait-il-aux-femmes\">Polyamour : pourquoi pla\u00eet-il aux femmes ?<\/a>\u00a0par Emmanuelle Julien sur\u00a0<em>Paris Derri\u00e8re, <\/em>15\/05\/2018<br \/>\navec une interview<\/p>\n<p><span class=\"name\" data-wfid=\"0390a8a0d52c\"><span class=\"innerContentContainer\"><a href=\"http:\/\/madame.lefigaro.fr\/bien-etre\/polyamour-aimer-plusieurs-personnes-a-la-fois-temoignages-femmes-couple-jalousie-organisation-090418-148158\">Ces femmes qui aiment plusieurs personnes \u00e0 la fois et l&rsquo;assument<\/a>, par\u00a0Moor\u00e9a Lahalle,\u00a0<em>Le Figaro Madame<\/em>, 16\/04\/2018<br \/>\navec une interview<\/span><\/span><\/p>\n<p><a href=\"http:\/\/lutineetcie.com\/lutinelefilm\/presse\/presse-ecrite\/marianne-janvier-2018\/\">Sologamie, algomatching ou polyamour&#8230; comment s&rsquo;aimera-t-on en 2018 ?<\/a>\u00a0par Antoine Besse,\u00a0<em>Marianne<\/em>, 06\/01\/2018<br \/>\navec une interview<\/p>\n<p><a href=\"http:\/\/lutineetcie.com\/lutinelefilm\/presse\/presse-ecrite\/le-couple-a-trois-nouvelle-norme-aout-2017\/\">Polyamour : le couple \u00e0 trois, nouvelle norme ?\u00a0<\/a><em>Ohmymag<\/em>, 04\/09\/2017<br \/>\navec une interview<\/p>\n<p><a href=\"https:\/\/www.lebonbon.fr\/paris\/societe\/polyamour-cafe-paris-polyamoureux-amour\/\">On a rencontr\u00e9 les Jules et Jim des temps modernes<\/a>, par Camille H.,\u00a0<em>Le Bonbon<\/em>, 30\/08\/2017<\/p>\n<p><a href=\"http:\/\/www.telerama.fr\/sortir\/si-la-monogamie-ne-vous-convient-pas,-sachez-quil-existe-dautres-facons-de-vivre,n5164532.php\">Si la monogamie ne vous convient pas, sachez qu&rsquo;il existe d&rsquo;autres fa\u00e7ons de vivre<\/a>, par Camila Echchihab,\u00a0<em>Sortir \u00e0 Paris, T\u00e9l\u00e9rama<\/em>, 28\/08\/2017<br \/>\navec une interview<\/p>\n<p><a href=\"http:\/\/lutineetcie.com\/lutinelefilm\/presse\/presse-ecrite\/je-vis-en-polyamorie\/\">Polyamour, le new deal amoureux + \u00ab\u00a0Je vis en Polyamorie\u00a0\u00bb<\/a>, par Alexandra Da Rocha,\u00a0<em>R\u00e9ponse \u00e0 tout<\/em>, 26\/06\/2017<br \/>\navec une interview<\/p>\n<p><a href=\"http:\/\/fabienne-kraemer.com\/wp-content\/uploads\/2017\/10\/Art_Elle_21-cl%C3%A9s-pour-lamour-slow.pdf\">Soyons poly !<\/a>, par\u00a0Dani\u00e8le Gerkens,\u00a0<em>ELLE<\/em>, 17\/03\/2017<\/p>\n<p><a href=\"http:\/\/www.mariefrance.fr\/equilibre\/psycho\/temoignages-psycho\/couple\/psycho-gerer-polyamour-305335.html\">Couple : comment g\u00e9rer le polyamour ?<\/a>, par Val\u00e9rie Rodrigue, <em>Marie-France<\/em>,\u00a010\/03\/2017<br \/>\navec une interview<\/p>\n<p><a href=\"http:\/\/www.elle.fr\/Love-Sexe\/Mon-mec-et-moi\/polyamour-3421238\">5 Id\u00e9es re\u00e7ues sur le polyamour : l&rsquo;amour en 3D<\/a>, par J\u00e9r\u00e9my Patinier,\u00a0<em>Elle<\/em>, 02\/02\/2017<\/p>\n<p><a href=\"http:\/\/www.lexpress.fr\/styles\/psycho\/mariee-et-polyamoureuse-je-veux-aimer-et-etre-aimee-autant-que-possible_1828887.html\">Mari\u00e9e et Polyamoureuse : Je veux aimer et \u00eatre aim\u00e9e autant que possible<\/a>, par \u00c9milie Ton, <em>L&rsquo;Express<\/em>, 09\/09\/2016<\/p>\n<p><a href=\"https:\/\/www.grazia.fr\/lifestyle\/psycho-sexo\/le-polyamour-les-amours-plurielles-en-toute-transparence-819503\">Le Polyamour : les Amours plurielles en toute transparence<\/a>, par Christelle G\u00e9rand,\u00a0<em>Grazia<\/em>, 27\/06\/2016<\/p>\n<p><a href=\"https:\/\/www.lexpress.fr\/styles\/psycho\/le-polyamour-est-il-vraiment-possible_1761773.html\">Polyamour : peut-on aimer plusieurs personnes en m\u00eame temps ?<\/a>\u00a0par Leslie Rezzoug,\u00a0<em>L&rsquo;Express<\/em>, 09\/02\/2016<\/p>\n<p><a href=\"http:\/\/www.marieclaire.fr\/,polyamour-peut-on-aimer-plusieurs-personnes-en-meme-temps,735867.asp\">Polyamour : peut-on aimer plusieurs personnes en m\u00eame temps ?<\/a>\u00a0par Claire Schneider,\u00a0<em>Marie-Claire<\/em>,\u00a002\/04\/2015<\/p>\n<p><a href=\"http:\/\/www.magalicroset-calisto.com\/2015\/03\/et-si-le-polyamour-etait-l-avenir-du-couple.html\">Et si le polyamour \u00e9tait l&rsquo;avenir du couple ?<\/a>\u00a0par Magali Croset-Calisto,\u00a030\/03\/2015<\/p>\n<p><a href=\"http:\/\/www.slate.fr\/story\/99439\/trouple\">Trouple : il\u00a0faut arr\u00eater de penser le couple comme la seule forme d&rsquo;amour possible<\/a>, par Thomas Messias, <em>Slate<\/em>,\u00a025\/03\/2015<\/p>\n<p><a href=\"http:\/\/www.slate.fr\/lien\/54863\/polyamour-lecon-monogames\">Le polyamour peut donner des le\u00e7ons aux couples monogames<\/a>, par Mathilde Sagaire, <em>Slate<\/em>, 15\/02\/2013<\/p>\n<p><a href=\"http:\/\/tempsreel.nouvelobs.com\/rue89\/rue89-rue69\/20110706.RUE3005\/les-polyamoureux-ces-indignes-de-la-monogamie.html\">Les Polyamoureux, ces indign\u00e9s de la monogamie<\/a>, par Sophie Caillat, <em>Rue 89<\/em>, 06\/07\/2011, avec Fran\u00e7oise Simp\u00e8re<\/p>\n<p><a href=\"http:\/\/www.psychologies.com\/Couple\/Vie-de-couple\/Amour\/Articles-et-Dossiers\/Heureux-les-polyamoureux\">Heureux, les polyamoureux ?<\/a>, par C\u00e9cile Gu\u00e9ret, <em>Psychologies Magazine<\/em>, 06\/2011<\/p>\n<p><a href=\"http:\/\/tempsreel.nouvelobs.com\/rue89\/rue89-rue69\/20081118.RUE6835\/anne-trois-amoureux-le-polyamour-bouscule-les-conventions-etablies.html\">Anne (trois amoureux) : le polyamour bouscule les conventions \u00e9tablies<\/a>,\u00a0par Camille Camille,<em> Rue 69\u00a0<\/em>in\u00a0<em>Rue 89<\/em>,\u00a018\/11\/2008<\/p>\n<p><strong>IN ENGLISH<\/strong><\/p>\n<p><a href=\"https:\/\/rewriting-the-rules.com\/2013\/07\/16\/other-peoples-feelings\/\">Other People&rsquo;s Feelings<\/a>, by <a href=\"http:\/\/rewriting-the-rules.com\/\">Dr Meg-John Barker<\/a><\/p>\n<p><a href=\"http:\/\/www.huffingtonpost.co.uk\/louisa-leontiades\/my-problem-with-monogamy_b_4095630.html\">My Problem with Monogamy &#8211; Comfort instead of Happiness<\/a>, by <a href=\"http:\/\/louisaleontiades.com\/\">Louise Leontiades<\/a><\/p>\n<p><a href=\"https:\/\/www.morethantwo.com\/relationshipbillofrights.html\">The Relationship Bill of Rights<\/a>, by Franklin Veaux and Eve Rickert on <a href=\"http:\/\/morethantwo.com\">More Than Two<\/a>\u00a0in 2013<\/p>\n<p><a href=\"https:\/\/www.morethantwo.com\/polyforsecondaries.html#bor\">The Secondary Bill of Rights<\/a>, by Franklin Veaux in 2003<\/p>\n<p>&nbsp;<\/p>\n<p><strong>\u00c0 PROPOS DES RELATIONS ABUSIVES EN POLYAMORIE\u00a0<\/strong><\/p>\n<p><a href=\"https:\/\/www.morethantwo.com\/blog\/2015\/02\/resources-on-abuse-in-polyamorous-relationships\">Resources on abuse in polyamorous relationships<\/a>,\u00a0by Eve Rickert,\u00a0sur <a href=\"http:\/\/www.morethantwo.com\"><em>More Than Two<\/em><br \/>\n<\/a><a href=\"https:\/\/medium.com\/@sheaemmafett\/abuse-in-polyamorous-relationships-d13e396c8f85\"><br \/>\nAbuse in Polyamorous Relationships<\/a>, by\u00a0<a class=\"link link link--darken link--darker u-baseColor--link\" dir=\"auto\" href=\"https:\/\/medium.com\/@sheaemmafett?source=post_header_lockup\" data-action=\"show-user-card\" data-action-source=\"post_header_lockup\" data-action-value=\"45aeea19da75\" data-action-type=\"hover\" data-user-id=\"45aeea19da75\">Shea Emma Fett<\/a>, Nov. \u00a022, 2014<br \/>\n<a href=\"https:\/\/psiloveyou.xyz\/confronting-abuse-in-polyamorous-relationships-f9e35eea4546#.phb4bb7y0\"><br \/>\nConfronting Abuse in Polyamorous Relationships<\/a>,\u00a0by Socrates &amp; Glaucon in P.S. I Love You, Oct. 28, 2016<\/p>\n<p>&nbsp;<\/p>\n<p>&nbsp;<\/p>\n","protected":false},"excerpt":{"rendered":"<p>&nbsp; La polyamorie des amours multiples, par Charlotte Tourmente, Allodocteurs,\u00a024\/02\/2020, avec une interview &lsquo;I realized how prudish America was when I came to France&rsquo; &#8211; Parisians tell their stories of multiple loves, by Ingrid Bergo,\u00a0The Local,\u00a003\/\/02\/2020 avec une interview \u00ab\u00a0Polyamoureux\u00a0\u00bb, &hellip; <a href=\"http:\/\/lutineetcie.com\/lutinelefilm\/documentaire\/articles\/\">Continuer la lecture <span class=\"meta-nav\">&rarr;<\/span><\/a><\/p>\n","protected":false},"author":1,"featured_media":0,"parent":26,"menu_order":7,"comment_status":"closed","ping_status":"closed","template":"sidebar-page.php","meta":[],"_links":{"self":[{"href":"http:\/\/lutineetcie.com\/lutinelefilm\/wp-json\/wp\/v2\/pages\/4046"}],"collection":[{"href":"http:\/\/lutineetcie.com\/lutinelefilm\/wp-json\/wp\/v2\/pages"}],"about":[{"href":"http:\/\/lutineetcie.com\/lutinelefilm\/wp-json\/wp\/v2\/types\/page"}],"author":[{"embeddable":true,"href":"http:\/\/lutineetcie.com\/lutinelefilm\/wp-json\/wp\/v2\/users\/1"}],"replies":[{"embeddable":true,"href":"http:\/\/lutineetcie.com\/lutinelefilm\/wp-json\/wp\/v2\/comments?post=4046"}],"version-history":[{"count":31,"href":"http:\/\/lutineetcie.com\/lutinelefilm\/wp-json\/wp\/v2\/pages\/4046\/revisions"}],"predecessor-version":[{"id":6079,"href":"http:\/\/lutineetcie.com\/lutinelefilm\/wp-json\/wp\/v2\/pages\/4046\/revisions\/6079"}],"up":[{"embeddable":true,"href":"http:\/\/lutineetcie.com\/lutinelefilm\/wp-json\/wp\/v2\/pages\/26"}],"wp:attachment":[{"href":"http:\/\/lutineetcie.com\/lutinelefilm\/wp-json\/wp\/v2\/media?parent=4046"}],"curies":[{"name":"wp","href":"https:\/\/api.w.org\/{rel}","templated":true}]}}