{"id":4758,"date":"2018-02-06T19:57:26","date_gmt":"2018-02-06T18:57:26","guid":{"rendered":"http:\/\/lutineetcie.com\/lutinelefilm\/?page_id=4758"},"modified":"2018-08-29T17:35:09","modified_gmt":"2018-08-29T16:35:09","slug":"ce-quen-disent-les-exploitantes","status":"publish","type":"page","link":"http:\/\/lutineetcie.com\/lutinelefilm\/presse\/ce-quen-disent-les-exploitantes\/","title":{"rendered":"Ce qu&rsquo;en disent les exploitant\u00b7es"},"content":{"rendered":"<p>Critique parue dans la gazette de l&rsquo;<a href=\"http:\/\/www.cinemas-utopia.org\/montpellier\/index.php?id=2577&amp;mode=film\">Utopia Montpellier<\/a> et de l&rsquo;<a href=\"https:\/\/www.cinemas-utopia.org\/bordeaux\/index.php?id=4600&amp;mode=film\">Utopia Bordeaux<\/a> \u00e0 l&rsquo;occasion des projections de LUTINE au mois d&rsquo;ao\u00fbt 2018 :<br \/>\n<a href=\"http:\/\/lutineetcie.com\/lutinelefilm\/wp-content\/uploads\/2018\/02\/LUTINE-Utopia.jpeg\"><img decoding=\"async\" loading=\"lazy\" class=\"aligncenter wp-image-5594 size-full\" src=\"http:\/\/lutineetcie.com\/lutinelefilm\/wp-content\/uploads\/2018\/02\/LUTINE-Utopia.jpeg\" alt=\"LUTINE Utopia\" width=\"766\" height=\"906\" srcset=\"http:\/\/lutineetcie.com\/lutinelefilm\/wp-content\/uploads\/2018\/02\/LUTINE-Utopia.jpeg 766w, http:\/\/lutineetcie.com\/lutinelefilm\/wp-content\/uploads\/2018\/02\/LUTINE-Utopia-254x300.jpeg 254w\" sizes=\"(max-width: 766px) 100vw, 766px\" \/><\/a><\/p>\n<p>Note r\u00e9dig\u00e9e par Alain Bouffartigue dans le catalogue du festival <a href=\"http:\/\/www.independancesetcreation.com\/\">Ind\u00e9pendance(s) et Cr\u00e9ation<\/a>\u00a0d\u2019Auch, Octobre 2016 :<br \/>\n<a href=\"http:\/\/lutineetcie.com\/lutinelefilm\/wp-content\/uploads\/2016\/10\/161008_Auch_Pr%C3%A9sentation-programme.jpg\"><img decoding=\"async\" loading=\"lazy\" class=\"aligncenter wp-image-3715\" src=\"http:\/\/lutineetcie.com\/lutinelefilm\/wp-content\/uploads\/2016\/10\/161008_Auch_Pr%C3%A9sentation-programme.jpg\" sizes=\"(max-width: 350px) 100vw, 350px\" srcset=\"http:\/\/lutineetcie.com\/lutinelefilm\/wp-content\/uploads\/2016\/10\/161008_Auch_Pr\u00e9sentation-programme.jpg 408w, http:\/\/lutineetcie.com\/lutinelefilm\/wp-content\/uploads\/2016\/10\/161008_Auch_Pr\u00e9sentation-programme-201x300.jpg 201w\" alt=\"161008_auch_presentation-programme\" width=\"350\" height=\"523\" \/><\/a><\/p>\n<p>&nbsp;<\/p>\n<p><span style=\"background-color: #eeeeee;\">Ce qu&rsquo;a \u00e9crit Michel Humbert, l&rsquo;exploitant du Cam\u00e9o Ariel \u00e0 Metz, pour l&rsquo;avant-premi\u00e8re du 22 f\u00e9vrier 2018 :<br \/>\n<a href=\"http:\/\/lutineetcie.com\/lutinelefilm\/wp-content\/uploads\/2018\/02\/Metz_180222_MHumbert.jpeg\"><img decoding=\"async\" loading=\"lazy\" class=\"aligncenter wp-image-4760 size-full\" src=\"http:\/\/lutineetcie.com\/lutinelefilm\/wp-content\/uploads\/2018\/02\/Metz_180222_MHumbert.jpeg\" alt=\"Metz_180222_MHumbert\" width=\"484\" height=\"144\" srcset=\"http:\/\/lutineetcie.com\/lutinelefilm\/wp-content\/uploads\/2018\/02\/Metz_180222_MHumbert.jpeg 484w, http:\/\/lutineetcie.com\/lutinelefilm\/wp-content\/uploads\/2018\/02\/Metz_180222_MHumbert-300x89.jpeg 300w\" sizes=\"(max-width: 484px) 100vw, 484px\" \/><\/a><br \/>\n<\/span><\/p>\n","protected":false},"excerpt":{"rendered":"<p>Critique parue dans la gazette de l&rsquo;Utopia Montpellier et de l&rsquo;Utopia Bordeaux \u00e0 l&rsquo;occasion des projections de LUTINE au mois d&rsquo;ao\u00fbt 2018 : Note r\u00e9dig\u00e9e par Alain Bouffartigue dans le catalogue du festival Ind\u00e9pendance(s) et Cr\u00e9ation\u00a0d\u2019Auch, Octobre 2016 : &nbsp; &hellip; <a href=\"http:\/\/lutineetcie.com\/lutinelefilm\/presse\/ce-quen-disent-les-exploitantes\/\">Continuer la lecture <span class=\"meta-nav\">&rarr;<\/span><\/a><\/p>\n","protected":false},"author":1,"featured_media":0,"parent":3258,"menu_order":5,"comment_status":"closed","ping_status":"closed","template":"sidebar-page.php","meta":[],"_links":{"self":[{"href":"http:\/\/lutineetcie.com\/lutinelefilm\/wp-json\/wp\/v2\/pages\/4758"}],"collection":[{"href":"http:\/\/lutineetcie.com\/lutinelefilm\/wp-json\/wp\/v2\/pages"}],"about":[{"href":"http:\/\/lutineetcie.com\/lutinelefilm\/wp-json\/wp\/v2\/types\/page"}],"author":[{"embeddable":true,"href":"http:\/\/lutineetcie.com\/lutinelefilm\/wp-json\/wp\/v2\/users\/1"}],"replies":[{"embeddable":true,"href":"http:\/\/lutineetcie.com\/lutinelefilm\/wp-json\/wp\/v2\/comments?post=4758"}],"version-history":[{"count":8,"href":"http:\/\/lutineetcie.com\/lutinelefilm\/wp-json\/wp\/v2\/pages\/4758\/revisions"}],"predecessor-version":[{"id":5597,"href":"http:\/\/lutineetcie.com\/lutinelefilm\/wp-json\/wp\/v2\/pages\/4758\/revisions\/5597"}],"up":[{"embeddable":true,"href":"http:\/\/lutineetcie.com\/lutinelefilm\/wp-json\/wp\/v2\/pages\/3258"}],"wp:attachment":[{"href":"http:\/\/lutineetcie.com\/lutinelefilm\/wp-json\/wp\/v2\/media?parent=4758"}],"curies":[{"name":"wp","href":"https:\/\/api.w.org\/{rel}","templated":true}]}}