{"id":5280,"date":"2018-05-23T23:01:06","date_gmt":"2018-05-23T22:01:06","guid":{"rendered":"http:\/\/lutineetcie.com\/lutinelefilm\/?page_id=5280"},"modified":"2018-12-10T16:04:24","modified_gmt":"2018-12-10T15:04:24","slug":"florence-montreynaud","status":"publish","type":"page","link":"http:\/\/lutineetcie.com\/lutinelefilm\/projections\/rencontres\/florence-montreynaud\/","title":{"rendered":"Cin\u00e9-rencontre avec Florence Montreynaud"},"content":{"rendered":"<p>Rencontre avec Florence Montreynaud, historienne et f\u00e9ministe, le 18 mai 2018.<br \/>\n\u00c0 marquer d&rsquo;une pierre blanche. Des \u00e9toiles plein les yeux.<\/p>\n<p><a href=\"https:\/\/www.youtube.com\/playlist?list=PL-yhtF5K39kRbw5PvLUqUHlekgq5J5S8b\">Playlist sur youtube<\/a>\u00a0: pour passer plus facilement d&rsquo;une vid\u00e9o \u00e0 l&rsquo;autre.<\/p>\n<p><a href=\"http:\/\/lutineetcie.com\/lutinelefilm\/wp-content\/uploads\/2018\/05\/IMG_0213-copie.jpg\"><img decoding=\"async\" loading=\"lazy\" class=\"aligncenter wp-image-5304\" src=\"http:\/\/lutineetcie.com\/lutinelefilm\/wp-content\/uploads\/2018\/05\/IMG_0213-copie-300x182.jpg\" alt=\"IMG_0213 copie\" width=\"400\" height=\"243\" srcset=\"http:\/\/lutineetcie.com\/lutinelefilm\/wp-content\/uploads\/2018\/05\/IMG_0213-copie-300x182.jpg 300w, http:\/\/lutineetcie.com\/lutinelefilm\/wp-content\/uploads\/2018\/05\/IMG_0213-copie-768x466.jpg 768w, http:\/\/lutineetcie.com\/lutinelefilm\/wp-content\/uploads\/2018\/05\/IMG_0213-copie-1024x621.jpg 1024w, http:\/\/lutineetcie.com\/lutinelefilm\/wp-content\/uploads\/2018\/05\/IMG_0213-copie-494x300.jpg 494w\" sizes=\"(max-width: 400px) 100vw, 400px\" \/><\/a><\/p>\n<p>&nbsp;<\/p>\n<p>\u00ab\u00a0On est au monde pour changer quelque chose, pour apporter quelque chose, et ce film, il apporte quelque chose au monde ! Ah, \u00e7a m&rsquo;a \u00e9norm\u00e9ment plu ! Moi je suis historienne \u00e0 la base et \u00e7a m&rsquo;a \u00e9voqu\u00e9 \u00e9norm\u00e9ment de d\u00e9bats depuis le XIX\u00e8me si\u00e8cle, sur l&rsquo;amour libre. (&#8230;) Et \u00e7a achoppe toujouts sur des b\u00eates questions de jalousie.\u00a0\u00bb<\/p>\n<p><iframe loading=\"lazy\" src=\"https:\/\/www.youtube.com\/embed\/3tFDIwvOhcg\" width=\"560\" height=\"315\" frameborder=\"0\" allowfullscreen=\"allowfullscreen\"><\/iframe><\/p>\n<p>\u00ab\u00a0L&rsquo;amour, c&rsquo;est accueillir ton amour dans la r\u00e9ciprocit\u00e9. La grande nouveaut\u00e9 du XXI\u00e8me si\u00e8cle, \u00e7a sera le d\u00e9sir f\u00e9minin. Parce que le d\u00e9sir f\u00e9minin, personne ne sait encore ce que c&rsquo;est, puisque pr\u00e9sentement,\u00a0il est format\u00e9 par ce que les femmes<em> croient<\/em> qui va convenir au d\u00e9sir\u00a0masculin.\u00a0\u00bb<\/p>\n<p><iframe loading=\"lazy\" src=\"https:\/\/www.youtube.com\/embed\/vuS9-ebdr7M\" width=\"560\" height=\"315\" frameborder=\"0\" allowfullscreen=\"allowfullscreen\"><\/iframe><\/p>\n<p>\u00ab\u00a0J&rsquo;ai \u00e9tudi\u00e9, dans mon livre sur l&rsquo;amour au XX\u00e8me si\u00e8cle, les grands couples mythiques, d&rsquo;\u00e9gaux. Ils reposent fondamentalement sur un respect de l&rsquo;autre r\u00e9ciproque. L&rsquo;\u00e9galit\u00e9, c&rsquo;est un sentiment sur lequel on peut construire. Le respect, l&rsquo;admiration. Avoir toujours du de l&rsquo;admiration\u00a0pour l&rsquo;autre. Qu&rsquo;il vous \u00e9tonne toujours, et vous fasse rire. Quand on aime, on prend tout. On accepte l&rsquo;autre tel qu&rsquo;il est. Et on commence par s&rsquo;accepter soi-m\u00eame. L&rsquo;amour, c&rsquo;est une \u00e9tincelle d&rsquo;enthousiasme.\u00a0\u00bb<\/p>\n<p><iframe loading=\"lazy\" src=\"https:\/\/www.youtube.com\/embed\/QzLOUCPQUKA\" width=\"560\" height=\"315\" frameborder=\"0\" allowfullscreen=\"allowfullscreen\"><\/iframe><\/p>\n<p>\u00ab\u00a0La descente dans les profondeurs et la remont\u00e9e&#8230; \u00e7a s&rsquo;appelle un processus initiatique. Un\u00a0chemin\u00a0initiatique, \u00e7a existe dans toutes traditions, dans toutes les religions, dans toutes les cultures. Approfondir. M\u00e9ditation. Ne pas rester en surface des choses. C&rsquo;est une d\u00e9marche de longue haleine, humaniste. Trouver son humanit\u00e9. Chaque \u00eatre humain a ce parcours d&rsquo;humanisation \u00e0 faire. Petit \u00e0 petit, on s&rsquo;\u00e9mancipe, on respire, on devient libre, on se trouve, on marche sur son chemin, seul\u00b7e. On est toujours seul\u00b7e sur son chemin, et on sera seule pour mourir. C&rsquo;est \u00e0 \u00e7a que sert l&rsquo;amour. \u00c7a rapproche. \u00c7a fait des moments\u00a0de fusion et d&rsquo;\u00e9merveillement. On ne peut pas r\u00e9unir dans le m\u00eame \u00eatre tout. \u00c7&rsquo;est \u00e7a, le polyamour. J&rsquo;esp\u00e8re que vous aimez plusieurs personnes dans votre vie. L&rsquo;amour qui vous meut&#8230; c&rsquo;est la force primitive du monde. Cet amour, il est le m\u00eame, que vous aimiez un enfant, un ami, un amant, une amante&#8230; C&rsquo;est une \u00e9nergie qui vous am\u00e8ne vers l&rsquo;autre dans une grande bienveillance, et le\u00a0d\u00e9sir de r\u00e9ciprocit\u00e9. Parce que l&rsquo;amour, c&rsquo;est si imposer\u00a0mon amour, ce n&rsquo;est pas \u00e7a l&rsquo;amour. L&rsquo;amour, c&rsquo;est accueillir ton amour, dans une\u00a0r\u00e9ciprocit\u00e9.\u00a0\u00bb<\/p>\n<p><iframe loading=\"lazy\" src=\"https:\/\/www.youtube.com\/embed\/EXXlT9n09nM\" width=\"560\" height=\"315\" frameborder=\"0\" allowfullscreen=\"allowfullscreen\"><\/iframe><\/p>\n<p>\u00ab\u00a0Il y a un mot qui est tr\u00e8s dangereux, c&rsquo;est de dire \u00ab\u00a0mon\u00a0\u00bb : \u00ab\u00a0mon\u00a0\u00bb mari, \u00ab\u00a0ma\u00a0\u00bb femme, \u00ab\u00a0ma\u00a0\u00bb meuf, \u00ab\u00a0mon\u00a0\u00bb mec. On n&rsquo;appartient pas l&rsquo;un \u00e0 l&rsquo;autre. Pourquoi on s&rsquo;approprie les choses ? Pourquoi on a besoin d&rsquo;avoir plut\u00f4t que d&rsquo;\u00eatre ?\u00a0\u00bb<\/p>\n<p><iframe loading=\"lazy\" src=\"https:\/\/www.youtube.com\/embed\/qll9d5cyWtE\" width=\"560\" height=\"315\" frameborder=\"0\" allowfullscreen=\"allowfullscreen\"><\/iframe><\/p>\n<p>\u00ab\u00a0Est-ce que vous savez que le fran\u00e7ais est la seule langue o\u00f9 le couple est aussi dissym\u00e9trique ? Dans toutes les langues, on dit\u00a0\u00ab\u00a0amant\u00a0\u00bb et \u00ab\u00a0amante\u00a0\u00bb. Savez-vous d&rsquo;o\u00f9 vient ce mot \u00ab\u00a0ma\u00eetresse\u00a0\u00bb ? Du XII\u00e8me si\u00e8cle, de l&rsquo;amour courtois : la construction de la dame inaccessible avec \u00ab\u00a0le ver de terre amoureux d&rsquo;une \u00e9toile\u00a0\u00bb. La ma\u00eetresse, la <em>domina<\/em>, c&rsquo;est la femme du seigneur, inaccessible. L&rsquo;amour ne sera jamais consomm\u00e9. Alors que le mot \u00ab\u00a0amante\u00a0\u00bb est tellement beau.\u00a0\u00bb<\/p>\n<p><iframe loading=\"lazy\" src=\"https:\/\/www.youtube.com\/embed\/4aKGDPUZpdg\" width=\"560\" height=\"315\" frameborder=\"0\" allowfullscreen=\"allowfullscreen\"><\/iframe><\/p>\n<p>\u00ab\u00a0Un truc fondamental qui a chang\u00e9 le monde, c&rsquo;est la pilule, c&rsquo;est la contraception moderne. Quand il n&rsquo;y a plus de risque de grossesse non d\u00e9sir\u00e9e, on est vraiment libre et \u00e0 \u00e9galit\u00e9. Moi j&rsquo;ai connu avant la pilule. J&rsquo;\u00e9tais mari\u00e9e en 68 ! J&rsquo;ai connu quelques mois sans pilule. Le monde a bascul\u00e9 ! Ah, on a amorti ! C&rsquo;\u00e9tait vraiment g\u00e9nial ! Enfin libres, de s&rsquo;envoyer en l&rsquo;air ! Ah oui, parce que les gens qui disent que les f\u00e9ministes sont des peine-\u00e0-jouir, oh la la !\u00a0\u00bb<\/p>\n<p><iframe loading=\"lazy\" src=\"https:\/\/www.youtube.com\/embed\/19xp0jeFlxI\" width=\"560\" height=\"315\" frameborder=\"0\" allowfullscreen=\"allowfullscreen\"><\/iframe><\/p>\n<p>\u00ab\u00a0Plus je vieillis, et meilleur c&rsquo;est. Quelle chance\u00a0! Enfin libre !\u00a0\u00bb<\/p>\n<p><iframe loading=\"lazy\" src=\"https:\/\/www.youtube.com\/embed\/7J7MPq8k5Z8\" width=\"560\" height=\"315\" frameborder=\"0\" allowfullscreen=\"allowfullscreen\"><\/iframe><\/p>\n<p>&nbsp;<\/p>\n<p>Isa : \u00ab\u00a0<em>Tout est vrai, tout est faux. Mon m\u00e9tier est d&rsquo;\u00e9crire des sc\u00e9narios, d&rsquo;\u00e9crire et de fabriquer de l&rsquo;illusion.<\/em>\u00a0\u00bb<br \/>\nFlorence Montreynaud : \u00ab\u00a0Ah, c&rsquo;est \u00e7a ! C&rsquo;est une le\u00e7on de cin\u00e9ma, c&rsquo;est pas sur le polyamour !\u00a0\u00bb<\/p>\n<p><iframe loading=\"lazy\" src=\"https:\/\/www.youtube.com\/embed\/8SeYJ9iRPhE\" width=\"560\" height=\"315\" frameborder=\"0\" allowfullscreen=\"allowfullscreen\"><\/iframe><\/p>\n<p>Isa : \u00ab\u00a0Quand j&rsquo;ai \u00e9crit cette r\u00e9plique &lsquo;je n&rsquo;ai aucune id\u00e9e de comment va se terminer ce film\u00a0\u00bb, au moment o\u00f9 j&rsquo;\u00e9crivais le sc\u00e9nario, je n&rsquo;avais r\u00e9ellement aucune id\u00e9e de comment il allait se terminer. D&rsquo;un point de vue sc\u00e9naristique, il fallait que je comprenne comment \u00e7a fonctionnait. J&rsquo;ai travaill\u00e9 sur les constructions du\u00a0voyage du h\u00e9ros&#8230; et donc du voyage de l&rsquo;h\u00e9ro\u00efne. Je ne me suis jamais reconnue dans le voyage du h\u00e9ros, avec son \u00e9p\u00e9e, au fond de la caverne. Alors que le voyage de l&rsquo;h\u00e9ro\u00efne&#8230; &#8211; je me moque de moi-m\u00eame dans le film, mais c&rsquo;est hyper s\u00e9rieux &#8211; : plonger dans le fond de ses entrailles pour remonter en tant que femme&#8230; \u00c7a, c&rsquo;est quelque chose que j&rsquo;ai d\u00e9couvert en \u00e9crivant.\u00a0\u00bb<\/p>\n<p><iframe loading=\"lazy\" src=\"https:\/\/www.youtube.com\/embed\/TesAkLqo1f8\" width=\"560\" height=\"315\" frameborder=\"0\" allowfullscreen=\"allowfullscreen\"><\/iframe><\/p>\n<p>Isa : \u00ab\u00a0C&rsquo;est pas le film qui m&rsquo;a fait chang\u00e9, c&rsquo;est la vie. J&rsquo;ai grandi, j&rsquo;ai chang\u00e9. Est-ce que c&rsquo;est le film qui m&rsquo;a chang\u00e9e ? Oui et non. On a voyag\u00e9, on a pr\u00e9sent\u00e9 le film \u00e0 Berkeley, on a montr\u00e9 le film en Inde, \u00e0 Vienne, \u00e0 Lisbonne, il a gagn\u00e9 un grand prix dans un festival au Canada, on a rencontr\u00e9 des gens dans le monde entier, on a d\u00e9couvert des ateliers, plein de choses qu&rsquo;on ne connaissait pas. Alors oui, bien s\u00fbr, on a chang\u00e9. La\u00a0vie nous change, et heureusement.\u00a0\u00bb<\/p>\n<p><iframe loading=\"lazy\" src=\"https:\/\/www.youtube.com\/embed\/1wCt19X3KaE\" width=\"560\" height=\"315\" frameborder=\"0\" allowfullscreen=\"allowfullscreen\"><\/iframe><\/p>\n","protected":false},"excerpt":{"rendered":"<p>Rencontre avec Florence Montreynaud, historienne et f\u00e9ministe, le 18 mai 2018. \u00c0 marquer d&rsquo;une pierre blanche. Des \u00e9toiles plein les yeux. Playlist sur youtube\u00a0: pour passer plus facilement d&rsquo;une vid\u00e9o \u00e0 l&rsquo;autre. &nbsp; \u00ab\u00a0On est au monde pour changer quelque &hellip; <a href=\"http:\/\/lutineetcie.com\/lutinelefilm\/projections\/rencontres\/florence-montreynaud\/\">Continuer la lecture <span class=\"meta-nav\">&rarr;<\/span><\/a><\/p>\n","protected":false},"author":1,"featured_media":0,"parent":5239,"menu_order":1,"comment_status":"closed","ping_status":"closed","template":"sidebar-page.php","meta":[],"_links":{"self":[{"href":"http:\/\/lutineetcie.com\/lutinelefilm\/wp-json\/wp\/v2\/pages\/5280"}],"collection":[{"href":"http:\/\/lutineetcie.com\/lutinelefilm\/wp-json\/wp\/v2\/pages"}],"about":[{"href":"http:\/\/lutineetcie.com\/lutinelefilm\/wp-json\/wp\/v2\/types\/page"}],"author":[{"embeddable":true,"href":"http:\/\/lutineetcie.com\/lutinelefilm\/wp-json\/wp\/v2\/users\/1"}],"replies":[{"embeddable":true,"href":"http:\/\/lutineetcie.com\/lutinelefilm\/wp-json\/wp\/v2\/comments?post=5280"}],"version-history":[{"count":24,"href":"http:\/\/lutineetcie.com\/lutinelefilm\/wp-json\/wp\/v2\/pages\/5280\/revisions"}],"predecessor-version":[{"id":5791,"href":"http:\/\/lutineetcie.com\/lutinelefilm\/wp-json\/wp\/v2\/pages\/5280\/revisions\/5791"}],"up":[{"embeddable":true,"href":"http:\/\/lutineetcie.com\/lutinelefilm\/wp-json\/wp\/v2\/pages\/5239"}],"wp:attachment":[{"href":"http:\/\/lutineetcie.com\/lutinelefilm\/wp-json\/wp\/v2\/media?parent=5280"}],"curies":[{"name":"wp","href":"https:\/\/api.w.org\/{rel}","templated":true}]}}