{"id":5819,"date":"2018-12-27T17:26:41","date_gmt":"2018-12-27T16:26:41","guid":{"rendered":"http:\/\/lutineetcie.com\/lutinelefilm\/?page_id=5819"},"modified":"2018-12-27T17:29:12","modified_gmt":"2018-12-27T16:29:12","slug":"videos-mediapart-live-sur-noustoutes","status":"publish","type":"page","link":"http:\/\/lutineetcie.com\/lutinelefilm\/presse\/videos-mediapart-live-sur-noustoutes\/","title":{"rendered":"Mediapart Live sur #NousToutes"},"content":{"rendered":"<p>Extraits d&rsquo;une interview crois\u00e9e du 21 nov. 2018 par Lena\u00efg Bredoux et Fabien Escalona, avec Marie Cervetti et Marion Charpenet.<br \/>\nPour voir la vid\u00e9o en entier, <a href=\"https:\/\/youtu.be\/XZlyAPF5gfE\">cliquez ici<\/a>.<\/p>\n<p>\u00c0 propos d&rsquo;un consentement positif : <strong>pour une culture du consentement<\/strong> en lieu et place d&rsquo;une culture du viol<br \/>\n<div class=\"su-youtube su-u-responsive-media-no\"><iframe width=\"600\" height=\"400\" src=\"https:\/\/www.youtube.com\/embed\/kuSG4CCJ1zY?\" frameborder=\"0\" allowfullscreen allow=\"autoplay; encrypted-media; picture-in-picture\" title=\"\"><\/iframe><\/div>\n<p><strong>Consentement et D\u00e9sir\u00a0<\/strong><br \/>\n<div class=\"su-youtube su-u-responsive-media-no\"><iframe width=\"600\" height=\"400\" src=\"https:\/\/www.youtube.com\/embed\/sjvwYUxTluw?\" frameborder=\"0\" allowfullscreen allow=\"autoplay; encrypted-media; picture-in-picture\" title=\"\"><\/iframe><\/div>\n<p><strong>Il faut changer les repr\u00e9sentations<\/strong> : \u00e0 propos du Tunnel de la com\u00e9dienne de 50 ans, commission cr\u00e9\u00e9e par l&rsquo;AAFA : Actrices et Acteurs de France Associ\u00e9\u00b7es<br \/>\n<div class=\"su-youtube su-u-responsive-media-no\"><iframe width=\"600\" height=\"400\" src=\"https:\/\/www.youtube.com\/embed\/mAdp1Tu4MeQ?\" frameborder=\"0\" allowfullscreen allow=\"autoplay; encrypted-media; picture-in-picture\" title=\"\"><\/iframe><\/div>\n<p><strong>\u00c0 propos des violences faites aux com\u00e9dien\u00b7nes<\/strong> :<br \/>\n<div class=\"su-youtube su-u-responsive-media-no\"><iframe width=\"600\" height=\"400\" src=\"https:\/\/www.youtube.com\/embed\/RL3s3Npu4y0?\" frameborder=\"0\" allowfullscreen allow=\"autoplay; encrypted-media; picture-in-picture\" title=\"\"><\/iframe><\/div>\n<p>&nbsp;<\/p>\n","protected":false},"excerpt":{"rendered":"<p>Extraits d&rsquo;une interview crois\u00e9e du 21 nov. 2018 par Lena\u00efg Bredoux et Fabien Escalona, avec Marie Cervetti et Marion Charpenet. Pour voir la vid\u00e9o en entier, cliquez ici. \u00c0 propos d&rsquo;un consentement positif : pour une culture du consentement en &hellip; <a href=\"http:\/\/lutineetcie.com\/lutinelefilm\/presse\/videos-mediapart-live-sur-noustoutes\/\">Continuer la lecture <span class=\"meta-nav\">&rarr;<\/span><\/a><\/p>\n","protected":false},"author":1,"featured_media":0,"parent":3258,"menu_order":4,"comment_status":"closed","ping_status":"closed","template":"","meta":[],"_links":{"self":[{"href":"http:\/\/lutineetcie.com\/lutinelefilm\/wp-json\/wp\/v2\/pages\/5819"}],"collection":[{"href":"http:\/\/lutineetcie.com\/lutinelefilm\/wp-json\/wp\/v2\/pages"}],"about":[{"href":"http:\/\/lutineetcie.com\/lutinelefilm\/wp-json\/wp\/v2\/types\/page"}],"author":[{"embeddable":true,"href":"http:\/\/lutineetcie.com\/lutinelefilm\/wp-json\/wp\/v2\/users\/1"}],"replies":[{"embeddable":true,"href":"http:\/\/lutineetcie.com\/lutinelefilm\/wp-json\/wp\/v2\/comments?post=5819"}],"version-history":[{"count":2,"href":"http:\/\/lutineetcie.com\/lutinelefilm\/wp-json\/wp\/v2\/pages\/5819\/revisions"}],"predecessor-version":[{"id":5822,"href":"http:\/\/lutineetcie.com\/lutinelefilm\/wp-json\/wp\/v2\/pages\/5819\/revisions\/5822"}],"up":[{"embeddable":true,"href":"http:\/\/lutineetcie.com\/lutinelefilm\/wp-json\/wp\/v2\/pages\/3258"}],"wp:attachment":[{"href":"http:\/\/lutineetcie.com\/lutinelefilm\/wp-json\/wp\/v2\/media?parent=5819"}],"curies":[{"name":"wp","href":"https:\/\/api.w.org\/{rel}","templated":true}]}}