{"id":6214,"date":"2023-05-08T18:02:48","date_gmt":"2023-05-08T17:02:48","guid":{"rendered":"http:\/\/lutineetcie.com\/lutinelefilm\/?page_id=6214"},"modified":"2023-05-08T18:02:48","modified_gmt":"2023-05-08T17:02:48","slug":"cestina","status":"publish","type":"page","link":"http:\/\/lutineetcie.com\/lutinelefilm\/other-languages\/cestina\/","title":{"rendered":"\u010de\u0161tina"},"content":{"rendered":"<p>Jedna re\u017eis\u00e9rka se rozhodne nat\u00e1\u010det, hned te\u010f, dokument o \u2018Lutinage\u2019 \u2013 naz\u00fdvan\u00e9 tak\u00e9 polyamorie nebo mnohol\u00e1ska.<\/p>\n<p>Dokument\u00e1rn\u00ed komedie, nebo p\u0159esn\u011bji\u00a0: komedie a dokument, <em>LUTINE<\/em> je NFO \u2013 Neidentifikovateln\u00fd Filmov\u00fd Objekt. Na jedn\u00e9 stran\u011b, film o filmu, na druh\u00e9 stran\u011b, opravdov\u00fd dokument o polyamorii, <em>LUTINE<\/em> se stane celkov\u011b fikc\u00ed, kdy\u017e re\u017eis\u00e9rka jednoho dne najme herce, aby hr\u00e1l\u2026 roli jej\u00edho opravdov\u00e9ho p\u0159\u00edtele\u00a0!<\/p>\n<p>Pohr\u00e1v\u00e1 si s emocemi a pocity \u2013 hlavn\u011b ostatn\u00edch \u2013 prol\u00edn\u00e1 realitu a fikci, bere na sebe riziko, ani\u017e by odhadla d\u016fsledky\u2026<\/p>\n<p>Vydr\u017e\u00ed to jej\u00ed vztah s p\u0159\u00edtelem\u00a0? Dokon\u010d\u00ed sv\u016fj film\u00a0?<\/p>\n<p>&nbsp;<\/p>\n<div class=\"su-youtube su-u-responsive-media-no\"><iframe width=\"600\" height=\"400\" src=\"https:\/\/www.youtube.com\/embed\/PYzP6d0WKSE?\" frameborder=\"0\" allowfullscreen allow=\"autoplay; encrypted-media; picture-in-picture\" title=\"\"><\/iframe><\/div>\n<p>&nbsp;<\/p>\n","protected":false},"excerpt":{"rendered":"<p>Jedna re\u017eis\u00e9rka se rozhodne nat\u00e1\u010det, hned te\u010f, dokument o \u2018Lutinage\u2019 \u2013 naz\u00fdvan\u00e9 tak\u00e9 polyamorie nebo mnohol\u00e1ska. Dokument\u00e1rn\u00ed komedie, nebo p\u0159esn\u011bji\u00a0: komedie a dokument, LUTINE je NFO \u2013 Neidentifikovateln\u00fd Filmov\u00fd Objekt. Na jedn\u00e9 stran\u011b, film o filmu, na druh\u00e9 stran\u011b, opravdov\u00fd &hellip; <a href=\"http:\/\/lutineetcie.com\/lutinelefilm\/other-languages\/cestina\/\">Continuer la lecture <span class=\"meta-nav\">&rarr;<\/span><\/a><\/p>\n","protected":false},"author":1,"featured_media":0,"parent":1249,"menu_order":5,"comment_status":"closed","ping_status":"closed","template":"","meta":[],"_links":{"self":[{"href":"http:\/\/lutineetcie.com\/lutinelefilm\/wp-json\/wp\/v2\/pages\/6214"}],"collection":[{"href":"http:\/\/lutineetcie.com\/lutinelefilm\/wp-json\/wp\/v2\/pages"}],"about":[{"href":"http:\/\/lutineetcie.com\/lutinelefilm\/wp-json\/wp\/v2\/types\/page"}],"author":[{"embeddable":true,"href":"http:\/\/lutineetcie.com\/lutinelefilm\/wp-json\/wp\/v2\/users\/1"}],"replies":[{"embeddable":true,"href":"http:\/\/lutineetcie.com\/lutinelefilm\/wp-json\/wp\/v2\/comments?post=6214"}],"version-history":[{"count":1,"href":"http:\/\/lutineetcie.com\/lutinelefilm\/wp-json\/wp\/v2\/pages\/6214\/revisions"}],"predecessor-version":[{"id":6215,"href":"http:\/\/lutineetcie.com\/lutinelefilm\/wp-json\/wp\/v2\/pages\/6214\/revisions\/6215"}],"up":[{"embeddable":true,"href":"http:\/\/lutineetcie.com\/lutinelefilm\/wp-json\/wp\/v2\/pages\/1249"}],"wp:attachment":[{"href":"http:\/\/lutineetcie.com\/lutinelefilm\/wp-json\/wp\/v2\/media?parent=6214"}],"curies":[{"name":"wp","href":"https:\/\/api.w.org\/{rel}","templated":true}]}}