{"id":24654,"date":"2023-11-02T21:28:01","date_gmt":"2023-11-02T20:28:01","guid":{"rendered":"https:\/\/lutineetcie.com\/isabellebroue\/?page_id=24654"},"modified":"2024-04-12T11:52:04","modified_gmt":"2024-04-12T09:52:04","slug":"ir","status":"publish","type":"page","link":"https:\/\/lutineetcie.com\/isabellebroue\/ir\/","title":{"rendered":"Intelligence Relationnelle\u00ae"},"content":{"rendered":"\n\n\t\t\t<a href=\"https:\/\/lutineetcie.com\/isabellebroue\/ir\/ri\/\" target=\"_self\" rel=\"noopener\">\n\t\t\t\t\t\t\tEnglish version\n\t\t\t<\/a>\n\tL&rsquo;Intelligence Relationnelle\u00ae (IR) est le mod\u00e8le th\u00e9rapeutique auquel je suis form\u00e9e, qui a \u00e9t\u00e9 cr\u00e9\u00e9 en 2017 par le <a href=\"https:\/\/selftherapie.com\/fondateur\/\">Dr Fran\u00e7ois Le Doze<\/a>, neurologue, \u00e0 partir de trois piliers qui ont fait leurs preuves depuis des d\u00e9cennies.\n\t\t\t\t<img decoding=\"async\" src=\"http:\/\/lutineetcie.com\/isabellebroue\/wp-content\/uploads\/2023\/11\/logo-IR_300x207.png\" alt=\"logo-IR_300x207\" itemprop=\"image\" title=\"logo-IR_300x207\" onerror=\"this.style.display='none'\"  \/>\n<p>Vous trouverez ici le <a href=\"http:\/\/www.selftherapie.com\">site officiel<\/a> de la formation sur lequel sont publi\u00e9s des <a href=\"https:\/\/selftherapie.com\/fondements-du-modele\/\">fondements du mod\u00e8le,<\/a> et ici\u00a0ma <a href=\"https:\/\/selftherapie.com\/therapeute\/broue-isabelle\/\">page officielle, <\/a>parmi les autres th\u00e9rapeutes.<\/p>\n\t\t\t\t<img decoding=\"async\" src=\"http:\/\/lutineetcie.com\/isabellebroue\/wp-content\/uploads\/2023\/11\/logo-Self-Therapie.png\" alt=\"logo Self The\u0301rapie\" itemprop=\"image\" title=\"logo Self The\u0301rapie\" onerror=\"this.style.display='none'\"  \/>\n\t<p>&nbsp;<\/p>\nL&rsquo;Intelligence Relationnelle\u00ae repose sur trois piliers :<br \/>\n&#8211; la\u00a0<a href=\"https:\/\/lutineetcie.com\/isabellebroue\/ir\/attachement\/\">th\u00e9orie de l&rsquo;attachement<\/a>, propos\u00e9e par John Bowlby dans les ann\u00e9es 1950, ainsi que sur l&rsquo;intersubjectivit\u00e9 th\u00e9rapeutique pr\u00e9conis\u00e9e par <a href=\"https:\/\/dfay.com\/\">Deirdre Fay<\/a> ;<br \/>\n&#8211; la\u00a0<a href=\"http:\/\/lutineetcie.com\/isabellebroue\/ir\/tpv\/\">th\u00e9orie polyvagale<\/a>\u00a0(TPV) sur le syst\u00e8me nerveux autonome (SNA), \u00e9tablie par le Dr Stephen Porges en 1994 et appliqu\u00e9e depuis au cadre th\u00e9rapeutique par <a href=\"https:\/\/www.rhythmofregulation.com\/\">Deb Dana<\/a> ;<br \/>\n&#8211;\u00a0<a href=\"https:\/\/lutineetcie.com\/coin-lecture\/intelligence-relationnelle\/ifs-internal-family-system-systeme-familial-interieur\/\">l<\/a>&lsquo;<a href=\"https:\/\/lutineetcie.com\/isabellebroue\/ir\/ifs\/\">IFS : l&rsquo;Internal Family System<\/a>, ou le Syst\u00e8me Familial Int\u00e9rieur, fond\u00e9 par le <a href=\"https:\/\/ifs-association.com\/internal-family-systems-modele-therapie-ifs\/fondateur-ifs-dr-richard-schwartz\/\">Dr Richard Schwartz<\/a> dans les ann\u00e9es 1980, et qui est l&rsquo;un des mod\u00e8les th\u00e9rapeutiques reconnus pour gu\u00e9rir les traumas, notamment gr\u00e2ce \u00e0 ce qu&rsquo;on appelle la <a href=\"https:\/\/youtu.be\/PWfpLtgxDi4?si=6yKiGYY4AeCJUGa_\">reconsolidation mn\u00e9sique<\/a>.\n<p>Ce sont ces m\u00eames trois piliers auxquels\u00a0 j&rsquo;\u00e9tais arriv\u00e9e de mon c\u00f4t\u00e9\u00a0 quand j&rsquo;ai commenc\u00e9 \u00e0 m&rsquo;int\u00e9resser au trauma et \u00e0 la dissociation traumatique, et qui se trouvent au c\u0153ur m\u00eame du livre que j&rsquo;ai \u00e9crit entre 2020 et 2022 : VOYAGE EN POLYAMORIE, AMOURS PLURIELLES ET RELATIONS \u00c9THIQUES (\u00e0 para\u00eetre).<\/p>\n<p>Quand j&rsquo;ai d\u00e9couvert que Fran\u00e7ois Le Doze avait cr\u00e9\u00e9 une m\u00e9thode th\u00e9rapeutique \u00e0 partir de ces trois piliers, il m&rsquo;est apparu essentiel, non seulement d&rsquo;entamer une th\u00e9rapie IR moi-m\u00eame, mais \u00e9galement de me former au mod\u00e8le.<\/p>\n\t\t\t\t<img decoding=\"async\" src=\"http:\/\/lutineetcie.com\/isabellebroue\/wp-content\/uploads\/2023\/11\/Capture-decran-2023-11-02-a-18.47.46-1-150x150.png\" alt=\"Capture d'e\u0301cran 2023-11-02 a\u0300 18.47.46\" itemprop=\"image\" title=\"Capture d'e\u0301cran 2023-11-02 a\u0300 18.47.46\" onerror=\"this.style.display='none'\"  \/>\n\t<p>L&rsquo;IFS est une m\u00e9thode incroyablement puissante dont je suis fan, mais&#8230; il repose essentiellement sur le principe de l&rsquo;auto-r\u00e9gulation : la cr\u00e9ation d&rsquo;un lien entre le \u00ab Self \u00bb d&rsquo;une personne et ses parties int\u00e9rieures.<\/p>\n<p>Or, quand une personne souffre d&rsquo;un trauma d&rsquo;attachement pr\u00e9coce (style d&rsquo;attachement ins\u00e9cure), elle n&rsquo;a pas toujours acc\u00e8s \u00e0 son Self : elle a alors besoin de celui d&rsquo;un&rsquo;e th\u00e9rapeute afin, petit \u00e0 petit, d&rsquo;apprendre \u00e0 se co-r\u00e9guler en s\u00e9curit\u00e9 avec un&rsquo;e autre &#8211; ce qu&rsquo;elle n&rsquo;a pas appris \u00e0 faire dans son enfance.<\/p>\n<p>Progressivement, par l&rsquo;exp\u00e9rience, ses neurones int\u00e9greront qu&rsquo;il lui est possible de revenir en s\u00e9curit\u00e9 quand elle se d\u00e9r\u00e9gule \u00e9motionnellement, et elle pourra avoir acc\u00e8s \u00e0 son Self et apprendre \u00e0 s&rsquo;auto-r\u00e9guler.<\/p>\n\t\t\t\t<img decoding=\"async\" src=\"http:\/\/lutineetcie.com\/isabellebroue\/wp-content\/uploads\/2023\/11\/Capture-decran-2023-11-02-a-18.45.44-220x300.png\" alt=\"Capture d'e\u0301cran 2023-11-02 a\u0300 18.45.44\" itemprop=\"image\" title=\"Capture d'e\u0301cran 2023-11-02 a\u0300 18.45.44\" onerror=\"this.style.display='none'\"  \/>\n\t<p>Dans une s\u00e9ance IR, on commence par s&rsquo;assurer, \u00e0 l&rsquo;aide de la th\u00e9orie polyvagale, que le corps de la personne (son syst\u00e8me nerveux autonome) est en s\u00e9curit\u00e9 et qu&rsquo;elle se sent suffisamment en lien avec son th\u00e9rapeute, avant de s&rsquo;autoriser \u00e0 travailler sur d&rsquo;\u00e9ventuelles parties qui se manifesteraient.<\/p>\n<p>Ce n&rsquo;est que quand le Self de la personne lui est accessible, une fois qu&rsquo;on est pass\u00e9 par son corps, qu&rsquo;on peut travailler en IFS sur ses parties et les lib\u00e9rer de leurs traumas.<\/p>\n\t\t\t\t<img decoding=\"async\" src=\"http:\/\/lutineetcie.com\/isabellebroue\/wp-content\/uploads\/2023\/11\/Capture-decran-2023-11-02-a-18.32.05-210x150.png\" alt=\"Capture d'e\u0301cran 2023-11-02 a\u0300 18.32.05\" itemprop=\"image\" title=\"Capture d'e\u0301cran 2023-11-02 a\u0300 18.32.05\" onerror=\"this.style.display='none'\"  \/>\n\tDit comme \u00e7a, j&rsquo;ai bien conscience que \u00e7a peut para\u00eetre un peu abstrait !<br \/>\nLa r\u00e9alit\u00e9 est que chacune de ces th\u00e9ories ou m\u00e9thodes a \u00e9t\u00e9, tour \u00e0 tour,\u00a0 r\u00e9volutionnaire pour moi quand je les ai d\u00e9couvertes l&rsquo;une apr\u00e8s l&rsquo;autre (la th\u00e9orie de l&rsquo;attachement en 2016, l&rsquo;IFS en 2018 et la th\u00e9orie polyvagale en 2019 quand j&rsquo;ai lu LE CORPS N&rsquo;OUBLIE RIEN de Bessel Van der Kolk &#8211; livre essentiel sur le trauma).<br \/>\nEt quand en 2021, j&rsquo;ai d\u00e9couvert que Fran\u00e7ois Le Doze avait cr\u00e9\u00e9 une m\u00e9thode th\u00e9rapeutique qui les utilisait toutes trois, \u00e7a a fait exploser mes neurones de joie, de curiosit\u00e9 et d&rsquo;excitation.\n<p>Si vous \u00eates comme moi, vous allez vouloir tout lire et vous renseigner \u00e0 l&rsquo;avance sur comment je travaille&#8230; sauf que pour l&rsquo;instant, rien n&rsquo;a \u00e9t\u00e9 encore publi\u00e9 sur l&rsquo;Intelligence Relationnelle\u00ae \u00e0 proprement parler &#8211; Fran\u00e7ois Le Doze nous promet un livre pour 2024.<\/p>\n<p>Pour comprendre ses fondements, il convient donc pour l&rsquo;instant de se pencher sur ses trois piliers dont chacun, pris s\u00e9par\u00e9ment, est d\u00e9j\u00e0 suffisant pour r\u00e9volutionner notre mani\u00e8re de voir notre vie au quotidien et nos relations.<\/p>\n\t<p>Et bien s\u00fbr, si vous d\u00e9cidez de faire une premi\u00e8re s\u00e9ance avec moi, je me ferai un plaisir d&rsquo;\u00eatre le plus explicite possible sur comment je travaille. Car le mantra de l&rsquo;IR est on ne peut plus align\u00e9 avec mes besoins et mes valeurs :<\/p>\n<p><strong>rendre explicite ce qui est implicite.<\/strong><\/p>\n<p>Pour les plus curieuxes d&rsquo;entre vous, je vous invite malgr\u00e9 tout \u00e0 lire sur l&rsquo;IR <a href=\"https:\/\/effervescience.fr\/tpv-appliquee-lintelligence-relationnelle-du-dr-le-doze\/\" data-type=\"URL\" data-id=\"https:\/\/effervescience.fr\/tpv-appliquee-lintelligence-relationnelle-du-dr-le-doze\/\">l&rsquo;article riche et visuel<\/a> de Sandra de Effervescience, ainsi qu&rsquo;\u00e0 regarder ci-dessous son <a href=\"https:\/\/youtu.be\/ZZtLFP9ralQ?si=5-vybYNOJigOepS5\" data-type=\"URL\" data-id=\"https:\/\/youtu.be\/ZZtLFP9ralQ?si=5-vybYNOJigOepS5\">interview <\/a>avec Fran\u00e7ois Le Doze.<\/p>\n\t<iframe loading=\"lazy\" title=\"TPV appliqu\u00e9e : l&#039;Intelligence Relationnelle du Dr Fran\u00e7ois Le Doze (interview efferveSciente)\" width=\"678\" height=\"381\" src=\"https:\/\/www.youtube.com\/embed\/ZZtLFP9ralQ?feature=oembed\" frameborder=\"0\" allow=\"accelerometer; autoplay; clipboard-write; encrypted-media; gyroscope; picture-in-picture; web-share\" allowfullscreen><\/iframe>\n\n","protected":false},"excerpt":{"rendered":"<p>English version L&rsquo;Intelligence Relationnelle\u00ae (IR) est le mod\u00e8le th\u00e9rapeutique auquel je suis form\u00e9e, qui a \u00e9t\u00e9 cr\u00e9\u00e9 en 2017 par le Dr Fran\u00e7ois Le Doze, neurologue, \u00e0 partir de trois piliers qui ont fait leurs preuves depuis des d\u00e9cennies. Vous trouverez ici le site officiel de la formation sur lequel sont publi\u00e9s des fondements du [&hellip;]<\/p>\n","protected":false},"author":1,"featured_media":0,"parent":0,"menu_order":3,"comment_status":"closed","ping_status":"closed","template":"","meta":{"footnotes":""},"class_list":["post-24654","page","type-page","status-publish","hentry"],"_links":{"self":[{"href":"https:\/\/lutineetcie.com\/isabellebroue\/wp-json\/wp\/v2\/pages\/24654","targetHints":{"allow":["GET"]}}],"collection":[{"href":"https:\/\/lutineetcie.com\/isabellebroue\/wp-json\/wp\/v2\/pages"}],"about":[{"href":"https:\/\/lutineetcie.com\/isabellebroue\/wp-json\/wp\/v2\/types\/page"}],"author":[{"embeddable":true,"href":"https:\/\/lutineetcie.com\/isabellebroue\/wp-json\/wp\/v2\/users\/1"}],"replies":[{"embeddable":true,"href":"https:\/\/lutineetcie.com\/isabellebroue\/wp-json\/wp\/v2\/comments?post=24654"}],"version-history":[{"count":34,"href":"https:\/\/lutineetcie.com\/isabellebroue\/wp-json\/wp\/v2\/pages\/24654\/revisions"}],"predecessor-version":[{"id":24964,"href":"https:\/\/lutineetcie.com\/isabellebroue\/wp-json\/wp\/v2\/pages\/24654\/revisions\/24964"}],"wp:attachment":[{"href":"https:\/\/lutineetcie.com\/isabellebroue\/wp-json\/wp\/v2\/media?parent=24654"}],"curies":[{"name":"wp","href":"https:\/\/api.w.org\/{rel}","templated":true}]}}