{"id":78,"date":"2013-05-31T16:07:26","date_gmt":"2013-05-31T15:07:26","guid":{"rendered":"http:\/\/lutinelefilm.wordpress.com\/?page_id=78"},"modified":"2017-01-09T14:34:45","modified_gmt":"2017-01-09T13:34:45","slug":"casting","status":"publish","type":"page","link":"https:\/\/lutineetcie.com\/lutinelefilm\/comedie\/casting\/","title":{"rendered":"Le casting \/ Cast"},"content":{"rendered":"<p><strong>Isa, la r\u00e9alisatrice<\/strong> : <a title=\"La\u00a0r\u00e9alisatrice\" href=\"http:\/\/lutinelefilm.wordpress.com\/projet\/la-realisatrice\/\">Isabelle Brou\u00e9<\/a><\/p>\n<p style=\"text-align: center;\"><a href=\"http:\/\/lutineetcie.com\/lutinelefilm\/wp-content\/uploads\/2014\/04\/image-10-copie.jpg\"><img decoding=\"async\" loading=\"lazy\" class=\"aligncenter size-large wp-image-1605\" src=\"http:\/\/lutineetcie.com\/lutinelefilm\/wp-content\/uploads\/2014\/04\/image-10-copie.jpg?w=584\" alt=\"Image 10 - copie\" width=\"584\" height=\"389\" srcset=\"https:\/\/lutineetcie.com\/lutinelefilm\/wp-content\/uploads\/2014\/04\/image-10-copie.jpg 655w, https:\/\/lutineetcie.com\/lutinelefilm\/wp-content\/uploads\/2014\/04\/image-10-copie-300x200.jpg 300w\" sizes=\"(max-width: 584px) 100vw, 584px\" \/><\/a><em>Photo \u00a9 Mich\u00e8le Laurent 2013<\/em><\/p>\n<p><strong> Ga\u00ebl<\/strong>, son amoureux :\u00a0<a href=\"http:\/\/www.cinetea.fr\/artiste.cfm\/277407-mathieu-bisson.html?&amp;modLg=en\">Mathieu Bisson<\/a>, qui nous \u00e9crit :<br \/>\n\u00ab\u00a0Je retiens quelques grands moments dans mon parcours : <em>Trois jours de pluie<\/em>\u00a0au th\u00e9\u00e2tre de l&rsquo;Atelier en 2004, mis en sc\u00e8ne par Jean-Marie Besset, mon premier grand r\u00f4le au th\u00e9\u00e2tre ; <em>Mitterrand \u00e0 Vichy<\/em>, de Serge Moati\u00a0en 2008, mon premier grand r\u00f4le \u00e0 la t\u00e9l\u00e9vision ; <em>Les Vivants et les Morts<\/em>, de G\u00e9rard Mordillat\u00a0en 2009 ; <em>Hitch<\/em>\u00a0au th\u00e9\u00e2tre du Lucernaire en 2011, o\u00f9 j&rsquo;incarnais Fran\u00e7ois Truffaut ; <em>Lutine<\/em> bien s\u00fbr en 2013-2014 ; et en ce moment m\u00eame, en 2016, \u00a0je tourne une nouvelle s\u00e9rie pour TF1 dans laquelle\u00a0joue\u00a0le r\u00f4le principal, <em>Professeur T.<\/em>, r\u00e9alis\u00e9e par Nicolas Cuche.\u00a0\u00bb<\/p>\n<p><a href=\"http:\/\/lutinelefilm.files.wordpress.com\/2013\/10\/img_5093.jpg\"><img decoding=\"async\" loading=\"lazy\" class=\"aligncenter size-large wp-image-1506\" src=\"http:\/\/lutineetcie.com\/lutinelefilm\/wp-content\/uploads\/2013\/05\/img_5093.jpg\" alt=\"IMG_5093\" width=\"584\" height=\"389\" \/><\/a><br \/>\n<strong>Philippe<\/strong>, le com\u00e9dien qui joue le r\u00f4le de Ga\u00ebl dans le film :\u00a0<a href=\"http:\/\/www.ubba.eu\/fiche.cfm\/284252-philippe-rebbot.html\">Philippe Rebbot<\/a>, qui depuis quelques ann\u00e9es, n&rsquo;arr\u00eate pas de tourner. Et on comprend pourquoi : non seulement il est g\u00e9nialement dr\u00f4le et touchant, mais<i>\u00a0c<\/i>&lsquo;est un r\u00e9el plaisir de travailler avec lui : qu&rsquo;est-ce qu&rsquo;on rit !<\/p>\n<p><a href=\"http:\/\/lutineetcie.com\/lutinelefilm\/wp-content\/uploads\/2013\/05\/284252_1.jpg\"><img decoding=\"async\" loading=\"lazy\" class=\"aligncenter wp-image-1855 size-full\" src=\"http:\/\/lutineetcie.com\/lutinelefilm\/wp-content\/uploads\/2013\/05\/284252_1.jpg\" alt=\"284252_1\" width=\"500\" height=\"335\" srcset=\"https:\/\/lutineetcie.com\/lutinelefilm\/wp-content\/uploads\/2013\/05\/284252_1.jpg 500w, https:\/\/lutineetcie.com\/lutinelefilm\/wp-content\/uploads\/2013\/05\/284252_1-300x201.jpg 300w, https:\/\/lutineetcie.com\/lutinelefilm\/wp-content\/uploads\/2013\/05\/284252_1-447x300.jpg 447w\" sizes=\"(max-width: 500px) 100vw, 500px\" \/><\/a><\/p>\n<p><a href=\"http:\/\/lutineetcie.com\/lutinelefilm\/wp-content\/uploads\/2013\/05\/Philippe-Rebbot.jpg\"><img decoding=\"async\" loading=\"lazy\" class=\"aligncenter wp-image-3520\" src=\"http:\/\/lutineetcie.com\/lutinelefilm\/wp-content\/uploads\/2013\/05\/Philippe-Rebbot-240x300.jpg\" alt=\"Philippe Rebbot\" width=\"400\" height=\"500\" srcset=\"https:\/\/lutineetcie.com\/lutinelefilm\/wp-content\/uploads\/2013\/05\/Philippe-Rebbot-240x300.jpg 240w, https:\/\/lutineetcie.com\/lutinelefilm\/wp-content\/uploads\/2013\/05\/Philippe-Rebbot-768x960.jpg 768w, https:\/\/lutineetcie.com\/lutinelefilm\/wp-content\/uploads\/2013\/05\/Philippe-Rebbot-819x1024.jpg 819w\" sizes=\"(max-width: 400px) 100vw, 400px\" \/><\/a><\/p>\n<p><strong><br \/>\nLaurent<\/strong>, l&rsquo;ami com\u00e9dien d&rsquo;Isa :\u00a0<a href=\"http:\/\/laurentlederer.wix.com\/laurent-lederer\">Laurent Lederer<\/a>, mon ami dans la vraie vie depuis plus de vingt ans, qui jouait d\u00e9j\u00e0 un petit r\u00f4le dans\u00a0<a href=\"http:\/\/lutineetcie.com\/lutinelefilm\/comedie\/realisatrice\/presse-citron-1994\/\"><em>Presse-citron<\/em><\/a>, et m&rsquo;avait honor\u00e9e\u00a0de sa pr\u00e9sence dans une s\u00e9quence de\u00a0<i><a href=\"http:\/\/lutineetcie.com\/lutinelefilm\/comedie\/realisatrice\/tout-le-plaisir-est-pour-moi\/\">Tout le plaisir est pour moi<\/a>.\u00a0<\/i>Lui avoir enfin donn\u00e9 ici\u00a0un vrai r\u00f4le a \u00e9t\u00e9\u00a0pour moi un r\u00e9el bonheur.<\/p>\n<p style=\"text-align: center;\"><a href=\"http:\/\/lutineetcie.com\/lutinelefilm\/wp-content\/uploads\/2013\/05\/Laurent.jpg\"><img decoding=\"async\" loading=\"lazy\" class=\"alignnone wp-image-2168 size-full\" src=\"http:\/\/lutineetcie.com\/lutinelefilm\/wp-content\/uploads\/2013\/05\/Laurent.jpg\" alt=\"Laurent\" width=\"824\" height=\"517\" srcset=\"https:\/\/lutineetcie.com\/lutinelefilm\/wp-content\/uploads\/2013\/05\/Laurent.jpg 824w, https:\/\/lutineetcie.com\/lutinelefilm\/wp-content\/uploads\/2013\/05\/Laurent-300x188.jpg 300w, https:\/\/lutineetcie.com\/lutinelefilm\/wp-content\/uploads\/2013\/05\/Laurent-478x300.jpg 478w\" sizes=\"(max-width: 824px) 100vw, 824px\" \/><\/a><\/p>\n<p><strong><br \/>\nAgathe<\/strong>, la com\u00e9dienne qui joue l&rsquo;amoureuse de Laurent dans le film que tourne Isa dans le film (vous suivez ?!) : <a href=\"http:\/\/www.vma.fr\/fiche.cfm\/267451-agathe-dronne.html\">Agathe Dronne<\/a>. J&rsquo;ai \u00e9crit le r\u00f4le pour elle, et suis tr\u00e8s touch\u00e9e qu&rsquo;elle ait accept\u00e9 de le jouer.<\/p>\n<p style=\"text-align: center;\"><img decoding=\"async\" loading=\"lazy\" class=\"aligncenter wp-image-505 size-full\" src=\"http:\/\/lutineetcie.com\/lutinelefilm\/wp-content\/uploads\/2013\/05\/267451_19-e1370872618739.jpg\" alt=\"267451_19\" width=\"305\" height=\"353\" \/><\/p>\n<p>Teaser : Agathe d\u00e9couvre\u00a0son texte et le lit,\u00a0puis\u00a0le \u00ab\u00a0joue\u00a0\u00bb.<\/p>\n<p><iframe loading=\"lazy\" src=\"https:\/\/player.vimeo.com\/video\/120101203\" width=\"584\" height=\"329\" frameborder=\"0\" title=\"LUTINE : Teaser Agathe\" webkitallowfullscreen mozallowfullscreen allowfullscreen><\/iframe><\/p>\n<p><strong>\u00a0<\/strong><\/p>\n<p style=\"text-align: left;\"><strong> L&rsquo;ex<\/strong> : <a href=\"http:\/\/www.bagoe.com\/artiste.cfm\/318529-bruno_slagmulder.html\">Bruno Slagmulder<\/a>, qui jouait d\u00e9j\u00e0 dans\u00a0<a href=\"http:\/\/lutineetcie.com\/lutinelefilm\/comedie\/realisatrice\/a-corps-perdu-2000\/\">\u00c0<\/a><em>\u00a0corps perdu\u00a0<\/em>et tenait l&rsquo;un des r\u00f4les principaux dans\u00a0<a href=\"http:\/\/lutineetcie.com\/lutinelefilm\/comedie\/realisatrice\/paris-deauville\/\"><em>Paris-Deauville<\/em><\/a>, mon t\u00e9l\u00e9film pour Arte.\u00a0Je suis tr\u00e8s heureuse qu&rsquo;il ait accept\u00e9 avec autant d&rsquo;enthousiasme de me suivre dans cette nouvelle aventure.<\/p>\n<p style=\"text-align: left;\"><a href=\"http:\/\/lutineetcie.com\/lutinelefilm\/wp-content\/uploads\/2014\/04\/img_0821-copie-2.jpg\"><img decoding=\"async\" loading=\"lazy\" class=\"aligncenter size-large wp-image-1598\" src=\"http:\/\/lutineetcie.com\/lutinelefilm\/wp-content\/uploads\/2014\/04\/img_0821-copie-2.jpg?w=584\" alt=\"IMG_0821 - copie 2\" width=\"584\" height=\"380\" srcset=\"https:\/\/lutineetcie.com\/lutinelefilm\/wp-content\/uploads\/2014\/04\/img_0821-copie-2.jpg 2915w, https:\/\/lutineetcie.com\/lutinelefilm\/wp-content\/uploads\/2014\/04\/img_0821-copie-2-300x195.jpg 300w, https:\/\/lutineetcie.com\/lutinelefilm\/wp-content\/uploads\/2014\/04\/img_0821-copie-2-1024x667.jpg 1024w\" sizes=\"(max-width: 584px) 100vw, 584px\" \/> <\/a><\/p>\n<p style=\"text-align: left;\"><a href=\"http:\/\/lutineetcie.com\/lutinelefilm\/wp-content\/uploads\/2013\/05\/Slagmulder.jpg\"><img decoding=\"async\" loading=\"lazy\" class=\"aligncenter wp-image-3521\" src=\"http:\/\/lutineetcie.com\/lutinelefilm\/wp-content\/uploads\/2013\/05\/Slagmulder-300x288.jpg\" alt=\"Slagmulder\" width=\"400\" height=\"384\" srcset=\"https:\/\/lutineetcie.com\/lutinelefilm\/wp-content\/uploads\/2013\/05\/Slagmulder-300x288.jpg 300w, https:\/\/lutineetcie.com\/lutinelefilm\/wp-content\/uploads\/2013\/05\/Slagmulder-768x737.jpg 768w, https:\/\/lutineetcie.com\/lutinelefilm\/wp-content\/uploads\/2013\/05\/Slagmulder-1024x982.jpg 1024w, https:\/\/lutineetcie.com\/lutinelefilm\/wp-content\/uploads\/2013\/05\/Slagmulder-313x300.jpg 313w\" sizes=\"(max-width: 400px) 100vw, 400px\" \/><\/a><\/p>\n<p><strong>La m\u00e8re<\/strong> : <a href=\"https:\/\/fr.wikipedia.org\/wiki\/Anne_Kreis\">Anne Kreis<\/a>, qui jouait (d\u00e9j\u00e0) le r\u00f4le de la m\u00e8re (de Marie Payen) dans\u00a0<a href=\"http:\/\/lutineetcie.com\/lutinelefilm\/comedie\/realisatrice\/a-corps-perdu-2000\/\"><em>\u00c0\u00a0corps perdu<\/em><\/a>, mais dont la sc\u00e8ne avait malheureusement \u00e9t\u00e9 coup\u00e9e au montage. Je suis infiniment touch\u00e9e qu&rsquo;elle ait accept\u00e9 de me suivre sur ce nouveau projet. Un film de fid\u00e9lit\u00e9s.<\/p>\n<p style=\"text-align: center;\"><a href=\"http:\/\/lutineetcie.com\/lutinelefilm\/wp-content\/uploads\/2014\/04\/img_0085-copie1.jpg\"><img decoding=\"async\" loading=\"lazy\" class=\"aligncenter wp-image-1595 size-large\" src=\"http:\/\/lutineetcie.com\/lutinelefilm\/wp-content\/uploads\/2014\/04\/img_0085-copie1.jpg?w=584\" alt=\"IMG_0085 copie\" width=\"584\" height=\"389\" srcset=\"https:\/\/lutineetcie.com\/lutinelefilm\/wp-content\/uploads\/2014\/04\/img_0085-copie1.jpg 5616w, https:\/\/lutineetcie.com\/lutinelefilm\/wp-content\/uploads\/2014\/04\/img_0085-copie1-300x200.jpg 300w, https:\/\/lutineetcie.com\/lutinelefilm\/wp-content\/uploads\/2014\/04\/img_0085-copie1-1024x682.jpg 1024w\" sizes=\"(max-width: 584px) 100vw, 584px\" \/><br \/>\n<\/a><\/p>\n<p><strong>L&rsquo;avocate<\/strong> :\u00a0<a href=\"http:\/\/www.agence-aml.com\/fiche.cfm\/115_1-250385_anne_benoit.html\">Anne Beno\u00eet<\/a>, \u00e0 qui je dois un t\u00e9moignage face cam\u00e9ra m\u00e9morable dans <a href=\"http:\/\/lutineetcie.com\/lutinelefilm\/comedie\/realisatrice\/tout-le-plaisir-est-pour-moi\/\"><i>Tout le plaisir est pour moi<\/i><\/a>, et que je suis ravie de retrouver une nouvelle fois ici.<\/p>\n<p style=\"text-align: center;\"><a href=\"http:\/\/lutinelefilm.files.wordpress.com\/2013\/05\/img_5445.jpg\"><img decoding=\"async\" loading=\"lazy\" class=\"aligncenter size-large wp-image-1593\" src=\"http:\/\/lutineetcie.com\/lutinelefilm\/wp-content\/uploads\/2013\/05\/img_5445.jpg\" alt=\"IMG_5445\" width=\"584\" height=\"389\" \/><\/a><\/p>\n<p style=\"text-align: left;\"><a href=\"http:\/\/www.agencesartistiques.com\/Fiche-Artiste\/516007-olivier-augrond.html\">Olivier Augrond<\/a>, dont je vous laisse d\u00e9couvrir le r\u00f4le dans le film&#8230; au risque sinon de vous en d\u00e9voiler une des surprises&#8230; Comme Agathe Dronne et Oph\u00e9lie Koering, c&rsquo;est sur la sc\u00e8ne du Conservatoire que je l&rsquo;ai d\u00e9couvert il y a vingt ans&#8230;<\/p>\n<p style=\"text-align: left;\"><a href=\"http:\/\/lutineetcie.com\/lutinelefilm\/wp-content\/uploads\/2013\/05\/516007_61.jpg\"><img decoding=\"async\" loading=\"lazy\" class=\"aligncenter wp-image-3526\" src=\"http:\/\/lutineetcie.com\/lutinelefilm\/wp-content\/uploads\/2013\/05\/516007_61-300x200.jpg\" alt=\"516007_61\" width=\"500\" height=\"333\" srcset=\"https:\/\/lutineetcie.com\/lutinelefilm\/wp-content\/uploads\/2013\/05\/516007_61-300x200.jpg 300w, https:\/\/lutineetcie.com\/lutinelefilm\/wp-content\/uploads\/2013\/05\/516007_61-768x511.jpg 768w, https:\/\/lutineetcie.com\/lutinelefilm\/wp-content\/uploads\/2013\/05\/516007_61-450x300.jpg 450w, https:\/\/lutineetcie.com\/lutinelefilm\/wp-content\/uploads\/2013\/05\/516007_61.jpg 1000w\" sizes=\"(max-width: 500px) 100vw, 500px\" \/><\/a><\/p>\n<p>&nbsp;<\/p>\n<p style=\"text-align: left;\"><strong> Caro, la s\u0153ur d&rsquo;Isa, qui bosse \u00e0 France-Culture<\/strong> : <a href=\"http:\/\/www.franceculture.fr\/personne-caroline-broue.html\">Caroline Brou\u00e9<\/a>\u00a0(ma vraie s\u0153ur, donc !)\u00a0dans son propre r\u00f4le : elle avait d\u00e9j\u00e0 fait une petite apparition dans\u00a0<a href=\"http:\/\/lutineetcie.com\/lutinelefilm\/comedie\/realisatrice\/paris-deauville\/\"><em>Paris-Deauville<\/em><\/a>, et je suis heureuse\u00a0d&rsquo;avoir pu enfin lui donner un vrai \u00ab\u00a0r\u00f4le\u00a0\u00bb !<br \/>\nAvec en\u00a0cadeau-bonus, une super interview dans <a href=\"http:\/\/www.telerama.fr\/radio\/caroline-broue-de-france-culture-rien-de-plus-magique-que-la-voix-pour-s-evader,149038.php\">T\u00e9l\u00e9rama<\/a>.<\/p>\n<p style=\"text-align: center;\"><a href=\"http:\/\/lutineetcie.com\/lutinelefilm\/wp-content\/uploads\/2013\/05\/Caro1.jpg\"><img decoding=\"async\" loading=\"lazy\" class=\"alignnone wp-image-2394 size-full\" src=\"http:\/\/lutineetcie.com\/lutinelefilm\/wp-content\/uploads\/2013\/05\/Caro1.jpg\" alt=\"Caro\" width=\"806\" height=\"532\" srcset=\"https:\/\/lutineetcie.com\/lutinelefilm\/wp-content\/uploads\/2013\/05\/Caro1.jpg 806w, https:\/\/lutineetcie.com\/lutinelefilm\/wp-content\/uploads\/2013\/05\/Caro1-300x198.jpg 300w, https:\/\/lutineetcie.com\/lutinelefilm\/wp-content\/uploads\/2013\/05\/Caro1-455x300.jpg 455w\" sizes=\"(max-width: 806px) 100vw, 806px\" \/><\/a><\/p>\n<p><strong><br \/>\nLe p\u00e8re No\u00ebl<\/strong> : <a href=\"http:\/\/latrempe.com\/2013\/01\/13\/interview-noel-very-pionnier-du-steadicam\/\">No\u00ebl V\u00e9ry<\/a>,\u00a0dans son propre r\u00f4le. Cadreur et steadycamer, bricoleur de g\u00e9nie, j&rsquo;ai rencontr\u00e9 No\u00ebl il y a&#8230; plus de vingt ans, sur le film de fin d&rsquo;\u00e9tudes de Renaud Cohen (dont j&rsquo;ai mis dans LUTINE un extrait du film\u00a0AU CAS O\u00d9 JE N&rsquo;AURAIS PAS LA PALME D&rsquo;OR). Comme par ailleurs, il est mari\u00e9 \u00e0 Zo\u00e9 Zurstrassen,\u00a0la toute premi\u00e8re intervenante que j&rsquo;ai eue \u00e0 la FEMIS (tandis que je faisais partie de sa toute premi\u00e8re fourn\u00e9e d&rsquo;\u00e9l\u00e8ves&#8230;), celle qui m&rsquo;a tout appris\u00a0comme scripte, et tant d&rsquo;autres choses&#8230; nous ne nous sommes jamais vraiment perdus de vue. Quand je leur ai envoy\u00e9 mon appel \u00e0 souscription, No\u00ebl m&rsquo;a propos\u00e9 de m&rsquo;aider&#8230; en nature, et a mis \u00e0 ma disposition son atelier et tout son mat\u00e9riel : projecteurs, pieds, g\u00e9latines, objectifs, et m\u00eame&#8230; son 7D en 2\u00e8me cam\u00e9ra !\u00a0Il ne s&rsquo;appelle pas \u00ab\u00a0No\u00ebl\u00a0\u00bb pour rien\u00a0!\u00a0Un cadeau inestimable, mais aussi une tr\u00e8s \u00e9mouvante preuve de confiance et d&rsquo;amour. J&rsquo;ai alors imagin\u00e9 de filmer cette sc\u00e8ne dans le film&#8230; et voil\u00e0 comment\u00a0No\u00ebl\u00a0est devenu\u00a0\u00ab\u00a0acteur\u00a0\u00bb ! <a href=\"http:\/\/lutineetcie.com\/lutinelefilm\/2014\/02\/26\/noel-very-le-pere-noel\/\">Quand\u00a0la r\u00e9alit\u00e9 et la fiction se rejoignent&#8230;<\/a><a href=\"http:\/\/lutinelefilm.wordpress.com\/2013\/07\/09\/la-maison-du-pere-noel\/\"><br \/>\n<\/a><a href=\"http:\/\/lutineetcie.com\/lutinelefilm\/wp-content\/uploads\/2013\/05\/IMG_0187-copie.jpg\"><img decoding=\"async\" loading=\"lazy\" class=\"alignnone wp-image-2163 size-large\" src=\"http:\/\/lutineetcie.com\/lutinelefilm\/wp-content\/uploads\/2013\/05\/IMG_0187-copie-1024x683.jpg\" alt=\"IMG_0187 - copie\" width=\"584\" height=\"390\" srcset=\"https:\/\/lutineetcie.com\/lutinelefilm\/wp-content\/uploads\/2013\/05\/IMG_0187-copie-1024x683.jpg 1024w, https:\/\/lutineetcie.com\/lutinelefilm\/wp-content\/uploads\/2013\/05\/IMG_0187-copie-300x200.jpg 300w, https:\/\/lutineetcie.com\/lutinelefilm\/wp-content\/uploads\/2013\/05\/IMG_0187-copie-450x300.jpg 450w\" sizes=\"(max-width: 584px) 100vw, 584px\" \/><\/a><\/p>\n<p>Marianne :\u00a0<a href=\"http:\/\/www.mariannejamet.com\">Marianne Jamet<\/a>,\u00a0une belle personne, une belle rencontre.<\/p>\n<p><a href=\"http:\/\/lutineetcie.com\/lutinelefilm\/wp-content\/uploads\/2013\/05\/10626810_300275330172376_5972336089644048581_n.jpg\"><img decoding=\"async\" loading=\"lazy\" class=\"aligncenter wp-image-2859\" src=\"http:\/\/lutineetcie.com\/lutinelefilm\/wp-content\/uploads\/2013\/05\/10626810_300275330172376_5972336089644048581_n.jpg\" alt=\"10626810_300275330172376_5972336089644048581_n\" width=\"400\" height=\"594\" srcset=\"https:\/\/lutineetcie.com\/lutinelefilm\/wp-content\/uploads\/2013\/05\/10626810_300275330172376_5972336089644048581_n.jpg 646w, https:\/\/lutineetcie.com\/lutinelefilm\/wp-content\/uploads\/2013\/05\/10626810_300275330172376_5972336089644048581_n-202x300.jpg 202w\" sizes=\"(max-width: 400px) 100vw, 400px\" \/><\/a><\/p>\n<p>Oph\u00e9lie : <a href=\"http:\/\/opheliekoering.com\/\">Oph\u00e9lie Koering<\/a>, que j&rsquo;ai d\u00e9couverte sur sc\u00e8ne au Conservatoire il y a&#8230; quelques ann\u00e9es, et qui depuis r\u00e9alise aussi des films dont le bouleversant\u00a0<a href=\"http:\/\/opheliekoering.com\/realisation\/\"><em>La Culbute<\/em><\/a>, sur des violences psychologiques au sein d&rsquo;un couple.<\/p>\n<p><a href=\"http:\/\/lutineetcie.com\/lutinelefilm\/wp-content\/uploads\/2013\/05\/199348_7-1.jpg\"><img decoding=\"async\" loading=\"lazy\" class=\"wp-image-3524 aligncenter\" src=\"http:\/\/lutineetcie.com\/lutinelefilm\/wp-content\/uploads\/2013\/05\/199348_7-1-200x300.jpg\" alt=\"199348_7-1\" width=\"400\" height=\"600\" srcset=\"https:\/\/lutineetcie.com\/lutinelefilm\/wp-content\/uploads\/2013\/05\/199348_7-1-200x300.jpg 200w, https:\/\/lutineetcie.com\/lutinelefilm\/wp-content\/uploads\/2013\/05\/199348_7-1.jpg 667w\" sizes=\"(max-width: 400px) 100vw, 400px\" \/><\/a><\/p>\n","protected":false},"excerpt":{"rendered":"<p>Isa, la r\u00e9alisatrice : Isabelle Brou\u00e9 Photo \u00a9 Mich\u00e8le Laurent 2013 Ga\u00ebl, son amoureux :\u00a0Mathieu Bisson, qui nous \u00e9crit : \u00ab\u00a0Je retiens quelques grands moments dans mon parcours : Trois jours de pluie\u00a0au th\u00e9\u00e2tre de l&rsquo;Atelier en 2004, mis en &hellip; <a href=\"https:\/\/lutineetcie.com\/lutinelefilm\/comedie\/casting\/\">Continuer la lecture <span class=\"meta-nav\">&rarr;<\/span><\/a><\/p>\n","protected":false},"author":1,"featured_media":0,"parent":1464,"menu_order":3,"comment_status":"closed","ping_status":"closed","template":"sidebar-page.php","meta":[],"_links":{"self":[{"href":"https:\/\/lutineetcie.com\/lutinelefilm\/wp-json\/wp\/v2\/pages\/78"}],"collection":[{"href":"https:\/\/lutineetcie.com\/lutinelefilm\/wp-json\/wp\/v2\/pages"}],"about":[{"href":"https:\/\/lutineetcie.com\/lutinelefilm\/wp-json\/wp\/v2\/types\/page"}],"author":[{"embeddable":true,"href":"https:\/\/lutineetcie.com\/lutinelefilm\/wp-json\/wp\/v2\/users\/1"}],"replies":[{"embeddable":true,"href":"https:\/\/lutineetcie.com\/lutinelefilm\/wp-json\/wp\/v2\/comments?post=78"}],"version-history":[{"count":26,"href":"https:\/\/lutineetcie.com\/lutinelefilm\/wp-json\/wp\/v2\/pages\/78\/revisions"}],"predecessor-version":[{"id":3923,"href":"https:\/\/lutineetcie.com\/lutinelefilm\/wp-json\/wp\/v2\/pages\/78\/revisions\/3923"}],"up":[{"embeddable":true,"href":"https:\/\/lutineetcie.com\/lutinelefilm\/wp-json\/wp\/v2\/pages\/1464"}],"wp:attachment":[{"href":"https:\/\/lutineetcie.com\/lutinelefilm\/wp-json\/wp\/v2\/media?parent=78"}],"curies":[{"name":"wp","href":"https:\/\/api.w.org\/{rel}","templated":true}]}}